{"id":937,"date":"2025-02-12T15:04:48","date_gmt":"2025-02-12T14:04:48","guid":{"rendered":"https:\/\/canoff.de\/?post_type=tribe_events&#038;p=937"},"modified":"2025-02-12T15:04:48","modified_gmt":"2025-02-12T14:04:48","slug":"lasst-uns-franzoesisch-reden-parlons-francais","status":"publish","type":"tribe_events","link":"https:\/\/canoff.de\/?tribe_events=lasst-uns-franzoesisch-reden-parlons-francais","title":{"rendered":"Lasst uns Franz\u00f6sisch reden! \u2013 Parlons fran\u00e7ais !"},"content":{"rendered":"<p>Das Institut Francais und das Sprachenzentrum der Hochschulen im Land Bremen (SZHB) kommen mit einem bunten Programm vorbei und laden Erwachsene und Kinder herzlich zum Spielen, Entdecken und zum Sprechen ein. Angeboten werden unterschiedliche Spiele f\u00fcr alle Interessierten ohne und mit Vorkenntnissen.<\/p>\n<p>Eine Veranstaltung im Rahmen des UNESCO-Welttags der franz\u00f6sischen Sprache.<\/p>\n<p>******<\/p>\n<p>L\u2019Institut Fran\u00e7ais et le centre de langues des universit\u00e9s du Land de Br\u00eame (SZHB) proposeront un programme d\u2019activit\u00e9s vari\u00e9es \u00e0 destination des adultes et des enfants, pour jouer, d\u00e9couvrir et parler ensemble le fran\u00e7ais, tout en s\u2019amusant.<\/p>\n<p>Diff\u00e9rents jeux accessibles \u00e0 toutes et \u00e0 tous, avec ou sans connaissances de la langue, seront propos\u00e9s.<\/p>\n","protected":false},"excerpt":{"rendered":"<p>Das Institut Francais und das Sprachenzentrum der Hochschulen im Land Bremen (SZHB) kommen mit einem bunten Programm vorbei und laden Erwachsene und Kinder herzlich zum Spielen, Entdecken und zum Sprechen ein. Angeboten werden unterschiedliche Spiele f\u00fcr alle Interessierten ohne und mit Vorkenntnissen. Eine Veranstaltung im Rahmen des UNESCO-Welttags der franz\u00f6sischen &hellip;<\/p>\n","protected":false},"author":1,"featured_media":938,"template":"","meta":{"_tribe_events_status":"","_tribe_events_status_reason":"","footnotes":""},"tags":[],"tribe_events_cat":[],"class_list":["post-937","tribe_events","type-tribe_events","status-publish","has-post-thumbnail","hentry"],"_links":{"self":[{"href":"https:\/\/canoff.de\/index.php?rest_route=\/wp\/v2\/tribe_events\/937","targetHints":{"allow":["GET"]}}],"collection":[{"href":"https:\/\/canoff.de\/index.php?rest_route=\/wp\/v2\/tribe_events"}],"about":[{"href":"https:\/\/canoff.de\/index.php?rest_route=\/wp\/v2\/types\/tribe_events"}],"author":[{"embeddable":true,"href":"https:\/\/canoff.de\/index.php?rest_route=\/wp\/v2\/users\/1"}],"version-history":[{"count":1,"href":"https:\/\/canoff.de\/index.php?rest_route=\/wp\/v2\/tribe_events\/937\/revisions"}],"predecessor-version":[{"id":939,"href":"https:\/\/canoff.de\/index.php?rest_route=\/wp\/v2\/tribe_events\/937\/revisions\/939"}],"wp:featuredmedia":[{"embeddable":true,"href":"https:\/\/canoff.de\/index.php?rest_route=\/wp\/v2\/media\/938"}],"wp:attachment":[{"href":"https:\/\/canoff.de\/index.php?rest_route=%2Fwp%2Fv2%2Fmedia&parent=937"}],"wp:term":[{"taxonomy":"post_tag","embeddable":true,"href":"https:\/\/canoff.de\/index.php?rest_route=%2Fwp%2Fv2%2Ftags&post=937"},{"taxonomy":"tribe_events_cat","embeddable":true,"href":"https:\/\/canoff.de\/index.php?rest_route=%2Fwp%2Fv2%2Ftribe_events_cat&post=937"}],"curies":[{"name":"wp","href":"https:\/\/api.w.org\/{rel}","templated":true}]}}

Lasst uns Französisch reden! – Parlons français !

<p>Das Institut Francais und das Sprachenzentrum der Hochschulen im Land Bremen (SZHB) kommen mit einem bunten Programm vorbei und laden Erwachsene und Kinder herzlich zum Spielen, Entdecken und zum Sprechen ein. Angeboten werden unterschiedliche Spiele für alle Interessierten ohne und mit Vorkenntnissen.</p>
<p>Eine Veranstaltung im Rahmen des UNESCO-Welttags der französischen Sprache.</p>
<p>******</p>
<p>L’Institut Français et le centre de langues des universités du Land de Brême (SZHB) proposeront un programme d’activités variées à destination des adultes et des enfants, pour jouer, découvrir et parler ensemble le français, tout en s’amusant.</p>
<p>Différents jeux accessibles à toutes et à tous, avec ou sans connaissances de la langue, seront proposés.</p>

<p>Das Institut Francais und das Sprachenzentrum der Hochschulen im Land Bremen (SZHB) kommen mit einem bunten Programm vorbei und laden Erwachsene und Kinder herzlich zum Spielen, Entdecken und zum Sprechen ein. Angeboten werden unterschiedliche Spiele für alle Interessierten ohne und mit Vorkenntnissen. Eine Veranstaltung im Rahmen des UNESCO-Welttags der französischen &hellip;</p>
