{"id":884,"date":"2024-11-06T17:01:42","date_gmt":"2024-11-06T16:01:42","guid":{"rendered":"https:\/\/canoff.de\/?post_type=tribe_events&#038;p=884"},"modified":"2024-11-06T17:02:15","modified_gmt":"2024-11-06T16:02:15","slug":"ausstellung-barbizon-wiege-der-modernen-landschaftsmalerei","status":"publish","type":"tribe_events","link":"https:\/\/canoff.de\/?tribe_events=ausstellung-barbizon-wiege-der-modernen-landschaftsmalerei","title":{"rendered":"Ausstellung \u201eBarbizon: Wiege der modernen Landschaftsmalerei\u201c"},"content":{"rendered":"<p style=\"font-weight: 400;\">Wir freuen uns, Sie zur feierlichen Er\u00f6ffnung unserer neuen Ausstellung \u201e<strong>Barbizon: Wiege der modernen Landschaftsmalerei<\/strong>\u201c einzuladen \u2013 ein kulturelles Highlight im Rahmen unserer St\u00e4dtepartnerschaft. Diese seltene Ausstellung erm\u00f6glicht Ihnen, 40 bedeutende Werke zu entdecken, die erstmals Frankreich verlassen werden.<\/p>\n<p style=\"font-weight: 400;\"><strong>Die Er\u00f6ffnung findet am 16. November 2024 um 11 Uhr im Kunstmuseum statt<\/strong>. Lassen Sie sich bei Live-Musik und einer Auswahl an Speisen und Getr\u00e4nken in die beeindruckende Welt von Barbizon entf\u00fchren und erleben Sie die Anf\u00e4nge der modernen Landschaftsmalerei.<\/p>\n<p>Eine Anmeldung ist bei allen Veranstaltungen erw\u00fcnscht. Alle Veranstaltungen au\u00dfer der Vernissage sind kostenpflichtig.<\/p>\n<p>***<\/p>\n<p>Nous avons le plaisir de vous inviter au vernissage solennel de notre nouvelle exposition \u00ab Barbizon : berceau de la peinture de paysage moderne \u00bb &#8211; un \u00e9v\u00e9nement culturel majeur dans le cadre de notre jumelage. Cette exposition rare vous permettra de d\u00e9couvrir 40 \u0153uvres majeures qui, pour la premi\u00e8re fois, quitteront la France.<\/p>\n<p><strong>Le vernissage aura lieu le 16 novembre 2024 \u00e0 11h au Kunstmuseum<\/strong>. Laissez-vous transporter dans l&#8217;univers impressionnant de Barbizon et d\u00e9couvrez les d\u00e9buts de la peinture de paysage moderne en \u00e9coutant de la musique live et en d\u00e9gustant une s\u00e9lection de mets et de boissons.<\/p>\n<p>Une inscription est souhait\u00e9e pour toutes les manifestations. Toutes les manifestations, \u00e0 l&#8217;exception du vernissage, sont payantes.<\/p>\n","protected":false},"excerpt":{"rendered":"<p>Wir freuen uns, Sie zur feierlichen Er\u00f6ffnung unserer neuen Ausstellung \u201eBarbizon: Wiege der modernen Landschaftsmalerei\u201c einzuladen \u2013 ein kulturelles Highlight im Rahmen unserer St\u00e4dtepartnerschaft. Diese seltene Ausstellung erm\u00f6glicht Ihnen, 40 bedeutende Werke zu entdecken, die erstmals Frankreich verlassen werden. Die Er\u00f6ffnung findet am 16. November 2024 um 11 Uhr im &hellip;<\/p>\n","protected":false},"author":1,"featured_media":885,"template":"","meta":{"_tribe_events_status":"","_tribe_events_status_reason":"","footnotes":""},"tags":[],"tribe_events_cat":[123],"class_list":["post-884","tribe_events","type-tribe_events","status-publish","has-post-thumbnail","hentry","tribe_events_cat-ausstellung","cat_ausstellung"],"_links":{"self":[{"href":"https:\/\/canoff.de\/index.php?rest_route=\/wp\/v2\/tribe_events\/884","targetHints":{"allow":["GET"]}}],"collection":[{"href":"https:\/\/canoff.de\/index.php?rest_route=\/wp\/v2\/tribe_events"}],"about":[{"href":"https:\/\/canoff.de\/index.php?rest_route=\/wp\/v2\/types\/tribe_events"}],"author":[{"embeddable":true,"href":"https:\/\/canoff.de\/index.php?rest_route=\/wp\/v2\/users\/1"}],"version-history":[{"count":2,"href":"https:\/\/canoff.de\/index.php?rest_route=\/wp\/v2\/tribe_events\/884\/revisions"}],"predecessor-version":[{"id":888,"href":"https:\/\/canoff.de\/index.php?rest_route=\/wp\/v2\/tribe_events\/884\/revisions\/888"}],"wp:featuredmedia":[{"embeddable":true,"href":"https:\/\/canoff.de\/index.php?rest_route=\/wp\/v2\/media\/885"}],"wp:attachment":[{"href":"https:\/\/canoff.de\/index.php?rest_route=%2Fwp%2Fv2%2Fmedia&parent=884"}],"wp:term":[{"taxonomy":"post_tag","embeddable":true,"href":"https:\/\/canoff.de\/index.php?rest_route=%2Fwp%2Fv2%2Ftags&post=884"},{"taxonomy":"tribe_events_cat","embeddable":true,"href":"https:\/\/canoff.de\/index.php?rest_route=%2Fwp%2Fv2%2Ftribe_events_cat&post=884"}],"curies":[{"name":"wp","href":"https:\/\/api.w.org\/{rel}","templated":true}]}}

<p style="font-weight: 400;">Wir freuen uns, Sie zur feierlichen Eröffnung unserer neuen Ausstellung „<strong>Barbizon: Wiege der modernen Landschaftsmalerei</strong>“ einzuladen – ein kulturelles Highlight im Rahmen unserer Städtepartnerschaft. Diese seltene Ausstellung ermöglicht Ihnen, 40 bedeutende Werke zu entdecken, die erstmals Frankreich verlassen werden.</p>
<p style="font-weight: 400;"><strong>Die Eröffnung findet am 16. November 2024 um 11 Uhr im Kunstmuseum statt</strong>. Lassen Sie sich bei Live-Musik und einer Auswahl an Speisen und Getränken in die beeindruckende Welt von Barbizon entführen und erleben Sie die Anfänge der modernen Landschaftsmalerei.</p>
<p>Eine Anmeldung ist bei allen Veranstaltungen erwünscht. Alle Veranstaltungen außer der Vernissage sind kostenpflichtig.</p>
<p>***</p>
<p>Nous avons le plaisir de vous inviter au vernissage solennel de notre nouvelle exposition « Barbizon : berceau de la peinture de paysage moderne » &#8211; un événement culturel majeur dans le cadre de notre jumelage. Cette exposition rare vous permettra de découvrir 40 œuvres majeures qui, pour la première fois, quitteront la France.</p>
<p><strong>Le vernissage aura lieu le 16 novembre 2024 à 11h au Kunstmuseum</strong>. Laissez-vous transporter dans l&#8217;univers impressionnant de Barbizon et découvrez les débuts de la peinture de paysage moderne en écoutant de la musique live et en dégustant une sélection de mets et de boissons.</p>
<p>Une inscription est souhaitée pour toutes les manifestations. Toutes les manifestations, à l&#8217;exception du vernissage, sont payantes.</p>

<p>Wir freuen uns, Sie zur feierlichen Eröffnung unserer neuen Ausstellung „Barbizon: Wiege der modernen Landschaftsmalerei“ einzuladen – ein kulturelles Highlight im Rahmen unserer Städtepartnerschaft. Diese seltene Ausstellung ermöglicht Ihnen, 40 bedeutende Werke zu entdecken, die erstmals Frankreich verlassen werden. Die Eröffnung findet am 16. November 2024 um 11 Uhr im &hellip;</p>
