{"id":830,"date":"2024-07-07T12:05:42","date_gmt":"2024-07-07T10:05:42","guid":{"rendered":"https:\/\/canoff.de\/?post_type=tribe_events&#038;p=830"},"modified":"2024-07-07T12:05:42","modified_gmt":"2024-07-07T10:05:42","slug":"wer-hat-frankreichs-stimmen-deutsch-franzoesische-und-europaeische-implikationen","status":"publish","type":"tribe_events","link":"https:\/\/canoff.de\/?tribe_events=wer-hat-frankreichs-stimmen-deutsch-franzoesische-und-europaeische-implikationen","title":{"rendered":"Wer hat Frankreichs Stimme(n)? Deutsch-franz\u00f6sische und europ\u00e4ische Implikationen"},"content":{"rendered":"<p style=\"font-weight: 400;\">Frankreich hat gew\u00e4hlt \u2013 nach dem Wahlerfolg des <em>Rassemblement National<\/em> (RN) bei den Europawahlen hatte Pr\u00e4sident Emmanuel Macron das franz\u00f6sische Parlament aufgel\u00f6st und Neuwahlen angek\u00fcndigt. Die Wahlergebnisse nach dem ersten Wahlgang zeigen jedoch, dass die Strategie von Macron nicht aufgegangen ist: Die extreme Rechte geht erstmals als st\u00e4rkste Kraft hervor und auch das Linksb\u00fcndnis <em>Nouveau Front Populaire<\/em> hat mehr Stimmen als Macrons zentristisches Lager. Am Sonntag, den 7. Juli 2024 wird nun in der Stichwahl entschieden, wie sich die Verteilung der Sitze in der Nationalversammlung tats\u00e4chlich gestaltet \u2013 und welche Parteien wichtige \u00c4mter zugesprochen bekommen. Die Diskussionsrunde widmet sich unmittelbar nach dem \u201adeuxi\u00e8me tour\u2018 der Analyse der Wahlergebnisse und beleuchtet die innenpolitischen Konsequenzen sowie die Auswirkungen auf die deutsch-franz\u00f6sische Zusammenarbeit und Europa.<\/p>\n<p style=\"font-weight: 400;\">Unter dem Titel <strong>\u201aWer hat Frankreichs Stimme(n)? Deutsch-franz\u00f6sische und europ\u00e4ische Implikationen\u2018 <\/strong>diskutieren:<\/p>\n<p style=\"font-weight: 400;\"><strong>Jeanette S\u00fc\u00df,<\/strong> Wiss. Mitarbeiterin am Studienkomitee f\u00fcr deutsch-franz\u00f6sische Beziehungen (Cerfa)\u00a0des Franz\u00f6sischen Instituts f\u00fcr internationale Beziehungen in Paris<\/p>\n<p style=\"font-weight: 400;\">und<\/p>\n<p style=\"font-weight: 400;\"><strong>Georg Wenzelburger<\/strong>, Professor f\u00fcr Komparative Europaforschung an der Universit\u00e4t des Saarlandes.<\/p>\n<p style=\"font-weight: 400;\">Die Diskussion findet in deutscher Sprache statt und wird von\u00a0der franz\u00f6sischen Journalistin <strong>H\u00e9l\u00e8ne Kohl <\/strong>(<a href=\"https:\/\/podcast.ausha.co\/le-podkast\">Le PodKast<\/a>, Berlin) moderiert.\u00a0Die Veranstaltung ist eine Kooperation des Frankreichzentrums der FU Berlin und des Frankreichzentrums der Universit\u00e4t des Saarlandes und findet im Rahmen des <a href=\"http:\/\/www.netzwerkffz.de\/\">Netzwerks der universit\u00e4ren Frankreich- und Frankophoniezentren in Deutschland<\/a> statt.<\/p>\n<p>Digitale Teilnahme \u00fcber <span lang=\"FR-CH\"><a href=\"https:\/\/fu-berlin.webex.com\/fu-berlin\/j.php?MTID=m13a12806c321f7e026fd021abc2f8347\"><span lang=\"DE\">Webex<\/span><\/a><\/span><\/p>\n<p>****<\/p>\n<p>La France a vot\u00e9 &#8211; apr\u00e8s le succ\u00e8s \u00e9lectoral du <em>Rassemblement national<\/em> (RN) aux \u00e9lections europ\u00e9ennes, le pr\u00e9sident Emmanuel Macron avait dissous le Parlement fran\u00e7ais et annonc\u00e9 de nouvelles \u00e9lections. Les r\u00e9sultats du premier tour montrent toutefois que la strat\u00e9gie de Macron n&#8217;a pas fonctionn\u00e9 : l&#8217;extr\u00eame droite est pour la premi\u00e8re fois la force la plus importante et l&#8217;alliance de gauche <em>Nouveau Front Populaire<\/em> a \u00e9galement obtenu plus de voix que le camp centriste de Macron. Le dimanche 7 juillet 2024, le second tour des \u00e9lections d\u00e9cidera de la r\u00e9partition effective des si\u00e8ges \u00e0 l&#8217;Assembl\u00e9e nationale &#8211; et des partis qui se verront attribuer des postes importants. Imm\u00e9diatement apr\u00e8s le &#8217;second tour&#8216;, la table ronde se consacrera \u00e0 l&#8217;analyse des r\u00e9sultats des \u00e9lections et mettra en lumi\u00e8re les cons\u00e9quences en politique int\u00e9rieure ainsi que les r\u00e9percussions sur la coop\u00e9ration franco-allemande et l&#8217;Europe.<\/p>\n<p>Sous le titre <strong>\u201aWer hat Frankreichs Stimme(n)? Deutsch-franz\u00f6sische und europ\u00e4ische Implikationen\u2018<\/strong>, discuteront :<\/p>\n<p><strong>Jeanette S\u00fc\u00df<\/strong>, chercheuse au Comit\u00e9 d&#8217;\u00e9tudes des relations franco-allemandes (Cerfa) de l&#8217;Institut fran\u00e7ais des relations internationales \u00e0 Paris<\/p>\n<p>et<\/p>\n<p><strong>Georg Wenzelburger<\/strong>, professeur de recherche comparative sur l&#8217;Europe \u00e0 l&#8217;Universit\u00e9 de la Sarre.<\/p>\n<p>La discussion aura lieu en allemand et sera anim\u00e9e par la journaliste fran\u00e7aise H\u00e9l\u00e8ne Kohl (<a href=\"https:\/\/podcast.ausha.co\/le-podkast\">Le PodKast<\/a>, Berlin). Cette manifestation est une coop\u00e9ration du Frankreichzentrum de la FU Berlin et du Frankreichzentrum de l&#8217;Universit\u00e9 de la Sarre et a lieu dans le cadre du <a href=\"http:\/\/www.netzwerkffz.de\/\">r\u00e9seau des centres universitaires de la France et de la francophonie en Allemagne<\/a>.<\/p>\n<p>Acc\u00e8s num\u00e9rique via <a href=\"https:\/\/fu-berlin.webex.com\/fu-berlin\/j.php?MTID=m13a12806c321f7e026fd021abc2f8347\">Webex <\/a><\/p>\n","protected":false},"excerpt":{"rendered":"<p>Frankreich hat gew\u00e4hlt \u2013 nach dem Wahlerfolg des Rassemblement National (RN) bei den Europawahlen hatte Pr\u00e4sident Emmanuel Macron das franz\u00f6sische Parlament aufgel\u00f6st und Neuwahlen angek\u00fcndigt. Die Wahlergebnisse nach dem ersten Wahlgang zeigen jedoch, dass die Strategie von Macron nicht aufgegangen ist: Die extreme Rechte geht erstmals als st\u00e4rkste Kraft hervor &hellip;<\/p>\n","protected":false},"author":1,"featured_media":832,"template":"","meta":{"_tribe_events_status":"","_tribe_events_status_reason":"","footnotes":""},"tags":[],"tribe_events_cat":[],"class_list":["post-830","tribe_events","type-tribe_events","status-publish","has-post-thumbnail","hentry"],"_links":{"self":[{"href":"https:\/\/canoff.de\/index.php?rest_route=\/wp\/v2\/tribe_events\/830","targetHints":{"allow":["GET"]}}],"collection":[{"href":"https:\/\/canoff.de\/index.php?rest_route=\/wp\/v2\/tribe_events"}],"about":[{"href":"https:\/\/canoff.de\/index.php?rest_route=\/wp\/v2\/types\/tribe_events"}],"author":[{"embeddable":true,"href":"https:\/\/canoff.de\/index.php?rest_route=\/wp\/v2\/users\/1"}],"version-history":[{"count":2,"href":"https:\/\/canoff.de\/index.php?rest_route=\/wp\/v2\/tribe_events\/830\/revisions"}],"predecessor-version":[{"id":834,"href":"https:\/\/canoff.de\/index.php?rest_route=\/wp\/v2\/tribe_events\/830\/revisions\/834"}],"wp:featuredmedia":[{"embeddable":true,"href":"https:\/\/canoff.de\/index.php?rest_route=\/wp\/v2\/media\/832"}],"wp:attachment":[{"href":"https:\/\/canoff.de\/index.php?rest_route=%2Fwp%2Fv2%2Fmedia&parent=830"}],"wp:term":[{"taxonomy":"post_tag","embeddable":true,"href":"https:\/\/canoff.de\/index.php?rest_route=%2Fwp%2Fv2%2Ftags&post=830"},{"taxonomy":"tribe_events_cat","embeddable":true,"href":"https:\/\/canoff.de\/index.php?rest_route=%2Fwp%2Fv2%2Ftribe_events_cat&post=830"}],"curies":[{"name":"wp","href":"https:\/\/api.w.org\/{rel}","templated":true}]}}

Wer hat Frankreichs Stimme(n)? Deutsch-französische und europäische Implikationen

<p style="font-weight: 400;">Frankreich hat gewählt – nach dem Wahlerfolg des <em>Rassemblement National</em> (RN) bei den Europawahlen hatte Präsident Emmanuel Macron das französische Parlament aufgelöst und Neuwahlen angekündigt. Die Wahlergebnisse nach dem ersten Wahlgang zeigen jedoch, dass die Strategie von Macron nicht aufgegangen ist: Die extreme Rechte geht erstmals als stärkste Kraft hervor und auch das Linksbündnis <em>Nouveau Front Populaire</em> hat mehr Stimmen als Macrons zentristisches Lager. Am Sonntag, den 7. Juli 2024 wird nun in der Stichwahl entschieden, wie sich die Verteilung der Sitze in der Nationalversammlung tatsächlich gestaltet – und welche Parteien wichtige Ämter zugesprochen bekommen. Die Diskussionsrunde widmet sich unmittelbar nach dem ‚deuxième tour‘ der Analyse der Wahlergebnisse und beleuchtet die innenpolitischen Konsequenzen sowie die Auswirkungen auf die deutsch-französische Zusammenarbeit und Europa.</p>
<p style="font-weight: 400;">Unter dem Titel <strong>‚Wer hat Frankreichs Stimme(n)? Deutsch-französische und europäische Implikationen‘ </strong>diskutieren:</p>
<p style="font-weight: 400;"><strong>Jeanette Süß,</strong> Wiss. Mitarbeiterin am Studienkomitee für deutsch-französische Beziehungen (Cerfa) des Französischen Instituts für internationale Beziehungen in Paris</p>
<p style="font-weight: 400;">und</p>
<p style="font-weight: 400;"><strong>Georg Wenzelburger</strong>, Professor für Komparative Europaforschung an der Universität des Saarlandes.</p>
<p style="font-weight: 400;">Die Diskussion findet in deutscher Sprache statt und wird von der französischen Journalistin <strong>Hélène Kohl </strong>(<a href="https://podcast.ausha.co/le-podkast">Le PodKast</a>, Berlin) moderiert. Die Veranstaltung ist eine Kooperation des Frankreichzentrums der FU Berlin und des Frankreichzentrums der Universität des Saarlandes und findet im Rahmen des <a href="http://www.netzwerkffz.de/">Netzwerks der universitären Frankreich- und Frankophoniezentren in Deutschland</a> statt.</p>
<p>Digitale Teilnahme über <span lang="FR-CH"><a href="https://fu-berlin.webex.com/fu-berlin/j.php?MTID=m13a12806c321f7e026fd021abc2f8347"><span lang="DE">Webex</span></a></span></p>
<p>****</p>
<p>La France a voté &#8211; après le succès électoral du <em>Rassemblement national</em> (RN) aux élections européennes, le président Emmanuel Macron avait dissous le Parlement français et annoncé de nouvelles élections. Les résultats du premier tour montrent toutefois que la stratégie de Macron n&#8217;a pas fonctionné : l&#8217;extrême droite est pour la première fois la force la plus importante et l&#8217;alliance de gauche <em>Nouveau Front Populaire</em> a également obtenu plus de voix que le camp centriste de Macron. Le dimanche 7 juillet 2024, le second tour des élections décidera de la répartition effective des sièges à l&#8217;Assemblée nationale &#8211; et des partis qui se verront attribuer des postes importants. Immédiatement après le &#8217;second tour&#8216;, la table ronde se consacrera à l&#8217;analyse des résultats des élections et mettra en lumière les conséquences en politique intérieure ainsi que les répercussions sur la coopération franco-allemande et l&#8217;Europe.</p>
<p>Sous le titre <strong>‚Wer hat Frankreichs Stimme(n)? Deutsch-französische und europäische Implikationen‘</strong>, discuteront :</p>
<p><strong>Jeanette Süß</strong>, chercheuse au Comité d&#8217;études des relations franco-allemandes (Cerfa) de l&#8217;Institut français des relations internationales à Paris</p>
<p>et</p>
<p><strong>Georg Wenzelburger</strong>, professeur de recherche comparative sur l&#8217;Europe à l&#8217;Université de la Sarre.</p>
<p>La discussion aura lieu en allemand et sera animée par la journaliste française Hélène Kohl (<a href="https://podcast.ausha.co/le-podkast">Le PodKast</a>, Berlin). Cette manifestation est une coopération du Frankreichzentrum de la FU Berlin et du Frankreichzentrum de l&#8217;Université de la Sarre et a lieu dans le cadre du <a href="http://www.netzwerkffz.de/">réseau des centres universitaires de la France et de la francophonie en Allemagne</a>.</p>
<p>Accès numérique via <a href="https://fu-berlin.webex.com/fu-berlin/j.php?MTID=m13a12806c321f7e026fd021abc2f8347">Webex </a></p>

<p>Frankreich hat gewählt – nach dem Wahlerfolg des Rassemblement National (RN) bei den Europawahlen hatte Präsident Emmanuel Macron das französische Parlament aufgelöst und Neuwahlen angekündigt. Die Wahlergebnisse nach dem ersten Wahlgang zeigen jedoch, dass die Strategie von Macron nicht aufgegangen ist: Die extreme Rechte geht erstmals als stärkste Kraft hervor &hellip;</p>
