{"id":599,"date":"2024-04-16T13:49:07","date_gmt":"2024-04-16T11:49:07","guid":{"rendered":"https:\/\/canoff.de\/?post_type=tribe_events&#038;p=599"},"modified":"2025-12-27T18:50:05","modified_gmt":"2025-12-27T17:50:05","slug":"lesung-und-gespraech-mit-geraldine-schwarz","status":"publish","type":"tribe_events","link":"https:\/\/canoff.de\/?tribe_events=lesung-und-gespraech-mit-geraldine-schwarz","title":{"rendered":"Lesung und Gespr\u00e4ch mit G\u00e9raldine Schwarz"},"content":{"rendered":"<p style=\"font-weight: 400;\">Die deutsch-franz\u00f6sische Journalistin G\u00e9raldine Schwarz ist am 27. Mai in Rostock zu Gast und spricht \u00fcber die enorme Bedeutung von Erinnerungsarbeit im europ\u00e4ischen Kontext. G\u00e9raldine Schwarz erhielt 2018 den Europ\u00e4ischen Buchpreis f\u00fcr ihr Buch <em>\u201eDie Ged\u00e4chtnislosen \u2013 Erinnerungen einer Europ\u00e4erin\u201c<\/em>: Ein aufr\u00fcttelndes Werk, das zwischen einem biografischen Essay und einer historischen bzw. journalistischen Untersuchung angesiedelt ist, und in vielen L\u00e4ndern gro\u00dfe Aufmerksamkeit erregte. <em>\u201eDie Ged\u00e4chtnislosen\u201c<\/em> ist ein sehr pers\u00f6nliches Werk der Erinnerungskultur. Mit beispielhafter Sorgfalt und klarer Sprache pl\u00e4diert hier die Autorin f\u00fcr eine Fortf\u00fchrung der Ged\u00e4chtnisarbeit, um den nationalistischen und rechtspopulistischen Tendenzen unserer Gegenwart entgegenzuwirken. Ein sehr aktueller, eindringlicher Appell gegen das Vergessen!<\/p>\n<p style=\"font-weight: 400;\"><em>Die Veranstaltung wird von Prof. Dr. Wolfgang Muno (Institut f\u00fcr Politikwissenschaften der Universit\u00e4t Rostock) moderiert und findet in deutscher Sprache statt.<\/em><\/p>\n<p>Die Veranstaltung findet im Literaturhaus Rostock (im Peter-Weiss-Haus) statt.<\/p>\n<p style=\"font-weight: 400;\"><em>Eintritt 5 \u20ac zzgl. VVK-Geb\u00fchr, Abendkasse 7 \u20ac. F\u00fcr Studierende frei. Es wird um rechtzeitige Anmeldung gebeten. Teilnahme per Stream \u00fcber: <\/em><a href=\"https:\/\/www.twitch.tv\/lithausrostock\">https:\/\/www.twitch.tv\/lithausrostock<\/a><\/p>\n<p style=\"font-weight: 400;\"><em>Eine Kooperation zwischen dem Institut franco-allemand de Rostock e. V. , dem Campus Nord f\u00fcr Frankreich und Frankophonie und dem Literaturhaus Rostock<\/em><\/p>\n","protected":false},"excerpt":{"rendered":"<p>Die deutsch-franz\u00f6sische Journalistin G\u00e9raldine Schwarz ist am 27. Mai in Rostock zu Gast und spricht \u00fcber die enorme Bedeutung von Erinnerungsarbeit im europ\u00e4ischen Kontext. G\u00e9raldine Schwarz erhielt 2018 den Europ\u00e4ischen Buchpreis f\u00fcr ihr Buch \u201eDie Ged\u00e4chtnislosen \u2013 Erinnerungen einer Europ\u00e4erin\u201c: Ein aufr\u00fcttelndes Werk, das zwischen einem biografischen Essay und einer &hellip;<\/p>\n","protected":false},"author":1,"featured_media":0,"template":"","meta":{"_tribe_events_status":"","_tribe_events_status_reason":"","footnotes":""},"tags":[114,112],"tribe_events_cat":[101],"class_list":["post-599","tribe_events","type-tribe_events","status-publish","hentry","tag-gespraech","tag-lesung","tribe_events_cat-lesung","cat_lesung"],"_links":{"self":[{"href":"https:\/\/canoff.de\/index.php?rest_route=\/wp\/v2\/tribe_events\/599","targetHints":{"allow":["GET"]}}],"collection":[{"href":"https:\/\/canoff.de\/index.php?rest_route=\/wp\/v2\/tribe_events"}],"about":[{"href":"https:\/\/canoff.de\/index.php?rest_route=\/wp\/v2\/types\/tribe_events"}],"author":[{"embeddable":true,"href":"https:\/\/canoff.de\/index.php?rest_route=\/wp\/v2\/users\/1"}],"version-history":[{"count":6,"href":"https:\/\/canoff.de\/index.php?rest_route=\/wp\/v2\/tribe_events\/599\/revisions"}],"predecessor-version":[{"id":1381,"href":"https:\/\/canoff.de\/index.php?rest_route=\/wp\/v2\/tribe_events\/599\/revisions\/1381"}],"wp:attachment":[{"href":"https:\/\/canoff.de\/index.php?rest_route=%2Fwp%2Fv2%2Fmedia&parent=599"}],"wp:term":[{"taxonomy":"post_tag","embeddable":true,"href":"https:\/\/canoff.de\/index.php?rest_route=%2Fwp%2Fv2%2Ftags&post=599"},{"taxonomy":"tribe_events_cat","embeddable":true,"href":"https:\/\/canoff.de\/index.php?rest_route=%2Fwp%2Fv2%2Ftribe_events_cat&post=599"}],"curies":[{"name":"wp","href":"https:\/\/api.w.org\/{rel}","templated":true}]}}

Lesung und Gespräch mit Géraldine Schwarz

<p style="font-weight: 400;">Die deutsch-französische Journalistin Géraldine Schwarz ist am 27. Mai in Rostock zu Gast und spricht über die enorme Bedeutung von Erinnerungsarbeit im europäischen Kontext. Géraldine Schwarz erhielt 2018 den Europäischen Buchpreis für ihr Buch <em>„Die Gedächtnislosen – Erinnerungen einer Europäerin“</em>: Ein aufrüttelndes Werk, das zwischen einem biografischen Essay und einer historischen bzw. journalistischen Untersuchung angesiedelt ist, und in vielen Ländern große Aufmerksamkeit erregte. <em>„Die Gedächtnislosen“</em> ist ein sehr persönliches Werk der Erinnerungskultur. Mit beispielhafter Sorgfalt und klarer Sprache plädiert hier die Autorin für eine Fortführung der Gedächtnisarbeit, um den nationalistischen und rechtspopulistischen Tendenzen unserer Gegenwart entgegenzuwirken. Ein sehr aktueller, eindringlicher Appell gegen das Vergessen!</p>
<p style="font-weight: 400;"><em>Die Veranstaltung wird von Prof. Dr. Wolfgang Muno (Institut für Politikwissenschaften der Universität Rostock) moderiert und findet in deutscher Sprache statt.</em></p>
<p>Die Veranstaltung findet im Literaturhaus Rostock (im Peter-Weiss-Haus) statt.</p>
<p style="font-weight: 400;"><em>Eintritt 5 € zzgl. VVK-Gebühr, Abendkasse 7 €. Für Studierende frei. Es wird um rechtzeitige Anmeldung gebeten. Teilnahme per Stream über: </em><a href="https://www.twitch.tv/lithausrostock">https://www.twitch.tv/lithausrostock</a></p>
<p style="font-weight: 400;"><em>Eine Kooperation zwischen dem Institut franco-allemand de Rostock e. V. , dem Campus Nord für Frankreich und Frankophonie und dem Literaturhaus Rostock</em></p>

<p>Die deutsch-französische Journalistin Géraldine Schwarz ist am 27. Mai in Rostock zu Gast und spricht über die enorme Bedeutung von Erinnerungsarbeit im europäischen Kontext. Géraldine Schwarz erhielt 2018 den Europäischen Buchpreis für ihr Buch „Die Gedächtnislosen – Erinnerungen einer Europäerin“: Ein aufrüttelndes Werk, das zwischen einem biografischen Essay und einer &hellip;</p>
