{"id":516,"date":"2024-01-11T16:05:32","date_gmt":"2024-01-11T15:05:32","guid":{"rendered":"https:\/\/canoff.de\/?post_type=tribe_events&#038;p=516"},"modified":"2024-04-27T16:53:37","modified_gmt":"2024-04-27T14:53:37","slug":"islam-demokratie-laicite-der-maghreb-und-das-erbe-der-frankophonie","status":"publish","type":"tribe_events","link":"https:\/\/canoff.de\/?tribe_events=islam-demokratie-laicite-der-maghreb-und-das-erbe-der-frankophonie","title":{"rendered":"Islam &#038; Demokratie \u2013 La\u00efcit\u00e9, der Maghreb und das Erbe der Frankophonie?"},"content":{"rendered":"<p style=\"font-weight: 400;\">In der westlichen Welt ist immer wieder die Behauptung zu h\u00f6ren, dass \u201ader Islam\u2018 nicht mit Demokratie vereinbar sei. Ein Blick auf die weltweite Diversit\u00e4t der Weltreligion Islam zeigt, dass sich diese Ansicht nicht ohne Weiteres halten l\u00e4sst. Im Rahmen der Veranstaltung soll das Verh\u00e4ltnis von Islam und Demokratie genauer beleuchtet und am Beispiel des Maghreb diskutiert werden. Prof. Alexander Wei\u00df, Herausgeber des PVS-Sonderheftes <em>Demokratietheorie jenseits des Westens<\/em> (2016), wird in einem Gespr\u00e4ch hierzu Dr. Valerian Thielicke-Witt befragen. In seiner Dissertation setzt er sich mit dem Konflikt zwischen s\u00e4kularen und religi\u00f6sen Kr\u00e4ften in Tunesien auseinander. Im Rahmen des Podiumsgespr\u00e4ches sollen verschiedene Fragen verhandelt werden \u2013 darunter unter anderem: In welchem Zusammenhang stehen \u00fcberhaupt Religion und Demokratie? Was ist Demokratie und wie wird sie von der maghrebinischen Gesellschaft gelebt? Und schlie\u00dflich: Kann man das Konzept der <em>la\u00efcit\u00e9<\/em> als ein frankophones Erbe betrachten?<\/p>\n<p style=\"font-weight: 400;\">Die Veranstaltung findet am 24.1.2024, von 17:15-18:45 Uhr, im HS 323 und online im Stream im Rahmen des CaNoFF statt. F\u00fcr eine Teilnahme im Stream oder in Pr\u00e4senz wird um Anmeldung an <a href=\"mailto:valerian.thielicke-witt@uni-rostock.de\">valerian.thielicke-witt@uni-rostock.de<\/a> gebeten.<\/p>\n<p>______________________________________________________________________________________________________________________<\/p>\n<p style=\"font-weight: 400;\">Dans le monde occidental, on entend r\u00e9guli\u00e8rement l&#8217;affirmation selon laquelle &#8218;l&#8217;islam&#8216; n&#8217;est pas compatible avec la d\u00e9mocratie. Un regard sur la diversit\u00e9 mondiale de la religion islamique montre que ce point de vue ne peut pas \u00eatre maintenu facilement. Dans le cadre de cette manifestation, la relation entre l&#8217;islam et la d\u00e9mocratie sera examin\u00e9e de plus pr\u00e8s et discut\u00e9e \u00e0 l&#8217;exemple du Maghreb. Le professeur Alexander Wei\u00df, \u00e9diteur du num\u00e9ro sp\u00e9cial PVS Demokratietheorie jenseits des Westens (2016), interrogera \u00e0 ce sujet le Dr. Valerian Thielicke-Witt dans le cadre d&#8217;un entretien. Dans sa th\u00e8se de doctorat, il se penche sur le conflit entre les forces la\u00efques et religieuses en Tunisie. Diff\u00e9rentes questions seront abord\u00e9es dans le cadre de la table ronde, notamment : Quel est le lien entre religion et d\u00e9mocratie ? Qu&#8217;est-ce que la d\u00e9mocratie et comment est-elle v\u00e9cue par la soci\u00e9t\u00e9 maghr\u00e9bine ? Et enfin : peut-on consid\u00e9rer le concept de la\u00efcit\u00e9 comme un h\u00e9ritage francophone ?<\/p>\n<p style=\"font-weight: 400;\">L&#8217;\u00e9v\u00e9nement aura lieu le 24.1.2024, de 17h15 \u00e0 18h45, dans le HS 323 et en ligne par streaming r\u00e9alis\u00e9 par CaNoFF. Pour une participation en streaming ou en pr\u00e9sentiel, merci de vous inscrire \u00e0 l\u2019adresse suivante: <a href=\"mailto:valerian.thielicke-witt@uni-rostock.de\">valerian.thielicke-witt@uni-rostock.de<\/a>.<\/p>\n","protected":false},"excerpt":{"rendered":"<p>In der westlichen Welt ist immer wieder die Behauptung zu h\u00f6ren, dass \u201ader Islam\u2018 nicht mit Demokratie vereinbar sei. Ein Blick auf die weltweite Diversit\u00e4t der Weltreligion Islam zeigt, dass sich diese Ansicht nicht ohne Weiteres halten l\u00e4sst. Im Rahmen der Veranstaltung soll das Verh\u00e4ltnis von Islam und Demokratie genauer &hellip;<\/p>\n","protected":false},"author":1,"featured_media":520,"template":"","meta":{"_tribe_events_status":"","_tribe_events_status_reason":"","footnotes":""},"tags":[],"tribe_events_cat":[102],"class_list":["post-516","tribe_events","type-tribe_events","status-publish","has-post-thumbnail","hentry","tribe_events_cat-podiumsdiskussion","cat_podiumsdiskussion"],"_links":{"self":[{"href":"https:\/\/canoff.de\/index.php?rest_route=\/wp\/v2\/tribe_events\/516","targetHints":{"allow":["GET"]}}],"collection":[{"href":"https:\/\/canoff.de\/index.php?rest_route=\/wp\/v2\/tribe_events"}],"about":[{"href":"https:\/\/canoff.de\/index.php?rest_route=\/wp\/v2\/types\/tribe_events"}],"author":[{"embeddable":true,"href":"https:\/\/canoff.de\/index.php?rest_route=\/wp\/v2\/users\/1"}],"version-history":[{"count":2,"href":"https:\/\/canoff.de\/index.php?rest_route=\/wp\/v2\/tribe_events\/516\/revisions"}],"predecessor-version":[{"id":521,"href":"https:\/\/canoff.de\/index.php?rest_route=\/wp\/v2\/tribe_events\/516\/revisions\/521"}],"wp:featuredmedia":[{"embeddable":true,"href":"https:\/\/canoff.de\/index.php?rest_route=\/wp\/v2\/media\/520"}],"wp:attachment":[{"href":"https:\/\/canoff.de\/index.php?rest_route=%2Fwp%2Fv2%2Fmedia&parent=516"}],"wp:term":[{"taxonomy":"post_tag","embeddable":true,"href":"https:\/\/canoff.de\/index.php?rest_route=%2Fwp%2Fv2%2Ftags&post=516"},{"taxonomy":"tribe_events_cat","embeddable":true,"href":"https:\/\/canoff.de\/index.php?rest_route=%2Fwp%2Fv2%2Ftribe_events_cat&post=516"}],"curies":[{"name":"wp","href":"https:\/\/api.w.org\/{rel}","templated":true}]}}

Islam &#038; Demokratie – Laïcité, der Maghreb und das Erbe der Frankophonie?

<p style="font-weight: 400;">In der westlichen Welt ist immer wieder die Behauptung zu hören, dass ‚der Islam‘ nicht mit Demokratie vereinbar sei. Ein Blick auf die weltweite Diversität der Weltreligion Islam zeigt, dass sich diese Ansicht nicht ohne Weiteres halten lässt. Im Rahmen der Veranstaltung soll das Verhältnis von Islam und Demokratie genauer beleuchtet und am Beispiel des Maghreb diskutiert werden. Prof. Alexander Weiß, Herausgeber des PVS-Sonderheftes <em>Demokratietheorie jenseits des Westens</em> (2016), wird in einem Gespräch hierzu Dr. Valerian Thielicke-Witt befragen. In seiner Dissertation setzt er sich mit dem Konflikt zwischen säkularen und religiösen Kräften in Tunesien auseinander. Im Rahmen des Podiumsgespräches sollen verschiedene Fragen verhandelt werden – darunter unter anderem: In welchem Zusammenhang stehen überhaupt Religion und Demokratie? Was ist Demokratie und wie wird sie von der maghrebinischen Gesellschaft gelebt? Und schließlich: Kann man das Konzept der <em>laïcité</em> als ein frankophones Erbe betrachten?</p>
<p style="font-weight: 400;">Die Veranstaltung findet am 24.1.2024, von 17:15-18:45 Uhr, im HS 323 und online im Stream im Rahmen des CaNoFF statt. Für eine Teilnahme im Stream oder in Präsenz wird um Anmeldung an <a href="mailto:valerian.thielicke-witt@uni-rostock.de">valerian.thielicke-witt@uni-rostock.de</a> gebeten.</p>
<p>______________________________________________________________________________________________________________________</p>
<p style="font-weight: 400;">Dans le monde occidental, on entend régulièrement l&#8217;affirmation selon laquelle &#8218;l&#8217;islam&#8216; n&#8217;est pas compatible avec la démocratie. Un regard sur la diversité mondiale de la religion islamique montre que ce point de vue ne peut pas être maintenu facilement. Dans le cadre de cette manifestation, la relation entre l&#8217;islam et la démocratie sera examinée de plus près et discutée à l&#8217;exemple du Maghreb. Le professeur Alexander Weiß, éditeur du numéro spécial PVS Demokratietheorie jenseits des Westens (2016), interrogera à ce sujet le Dr. Valerian Thielicke-Witt dans le cadre d&#8217;un entretien. Dans sa thèse de doctorat, il se penche sur le conflit entre les forces laïques et religieuses en Tunisie. Différentes questions seront abordées dans le cadre de la table ronde, notamment : Quel est le lien entre religion et démocratie ? Qu&#8217;est-ce que la démocratie et comment est-elle vécue par la société maghrébine ? Et enfin : peut-on considérer le concept de laïcité comme un héritage francophone ?</p>
<p style="font-weight: 400;">L&#8217;événement aura lieu le 24.1.2024, de 17h15 à 18h45, dans le HS 323 et en ligne par streaming réalisé par CaNoFF. Pour une participation en streaming ou en présentiel, merci de vous inscrire à l’adresse suivante: <a href="mailto:valerian.thielicke-witt@uni-rostock.de">valerian.thielicke-witt@uni-rostock.de</a>.</p>

<p>In der westlichen Welt ist immer wieder die Behauptung zu hören, dass ‚der Islam‘ nicht mit Demokratie vereinbar sei. Ein Blick auf die weltweite Diversität der Weltreligion Islam zeigt, dass sich diese Ansicht nicht ohne Weiteres halten lässt. Im Rahmen der Veranstaltung soll das Verhältnis von Islam und Demokratie genauer &hellip;</p>
