{"id":408,"date":"2023-10-19T16:02:25","date_gmt":"2023-10-19T14:02:25","guid":{"rendered":"https:\/\/canoff.de\/?post_type=tribe_events&#038;p=408"},"modified":"2023-10-19T16:02:25","modified_gmt":"2023-10-19T14:02:25","slug":"canoff-eroeffnung-am-20-juni-2023-in-rostock","status":"publish","type":"tribe_events","link":"https:\/\/canoff.de\/?tribe_events=canoff-eroeffnung-am-20-juni-2023-in-rostock","title":{"rendered":"CaNoFF-Er\u00f6ffnung am 20. Juni 2023 in Rostock!"},"content":{"rendered":"<p>Mit der Gr\u00fcndung des \u201eCampus Nord f\u00fcr Frankreich &amp; Frankophonie\u201c im Verbund der Universit\u00e4ten Bremen, Flensburg und Rostock wird erstmals im Norden Deutschlands ein universit\u00e4res Netzwerk f\u00fcr den wissenschaftlichen und kulturellen Austausch frankreich- und frankophoniebezogener Aktivit\u00e4ten entstehen. Das CaNoFF ist ein offener Zusammenschluss und darauf ausgerichtet, alle interessierten Akteur:innen aus Wissenschaft, Kultur, Zivilgesellschaft und Wirtschaft als Mitglieder aufzunehmen und ein gemeinsames Forum f\u00fcr Kommunikation, Wissens- und Kulturtransfer zu bieten.<\/p>\n<p>Zur Bildergalerie der Veranstaltung:<\/p>\n<p><a href=\"https:\/\/www.itmz.uni-rostock.de\/service\/medienservice\/foto-und-video\/foto-archiv-veranstaltungen\/eroeffnung-canoff\/\" target=\"_blank\" rel=\"noreferrer noopener\">https:\/\/www.itmz.uni-rostock.de\/service\/medienservice\/foto-und-video\/foto-archiv-veranstaltungen\/eroeffnung-canoff\/<\/a><\/p>\n<hr \/>\n<p><img loading=\"lazy\" decoding=\"async\" class=\"alignnone size-medium wp-image-257\" src=\"https:\/\/canoff.de\/wp-content\/uploads\/2023\/06\/Programm-CaNoFF-Rostock-212x300.png\" alt=\"\" width=\"212\" height=\"300\" srcset=\"https:\/\/canoff.de\/wp-content\/uploads\/2023\/06\/Programm-CaNoFF-Rostock-212x300.png 212w, https:\/\/canoff.de\/wp-content\/uploads\/2023\/06\/Programm-CaNoFF-Rostock-724x1024.png 724w, https:\/\/canoff.de\/wp-content\/uploads\/2023\/06\/Programm-CaNoFF-Rostock-768x1086.png 768w, https:\/\/canoff.de\/wp-content\/uploads\/2023\/06\/Programm-CaNoFF-Rostock-1086x1536.png 1086w, https:\/\/canoff.de\/wp-content\/uploads\/2023\/06\/Programm-CaNoFF-Rostock-141x200.png 141w, https:\/\/canoff.de\/wp-content\/uploads\/2023\/06\/Programm-CaNoFF-Rostock.png 1414w\" sizes=\"auto, (max-width: 212px) 100vw, 212px\" \/><\/p>\n","protected":false},"excerpt":{"rendered":"<p>Mit der Gr\u00fcndung des \u201eCampus Nord f\u00fcr Frankreich &amp; Frankophonie\u201c im Verbund der Universit\u00e4ten Bremen, Flensburg und Rostock wird erstmals im Norden Deutschlands ein universit\u00e4res Netzwerk f\u00fcr den wissenschaftlichen und kulturellen Austausch frankreich- und frankophoniebezogener Aktivit\u00e4ten entstehen. Das CaNoFF ist ein offener Zusammenschluss und darauf ausgerichtet, alle interessierten Akteur:innen aus &hellip;<\/p>\n","protected":false},"author":1,"featured_media":266,"template":"","meta":{"_tribe_events_status":"","_tribe_events_status_reason":"","footnotes":""},"tags":[],"tribe_events_cat":[],"class_list":["post-408","tribe_events","type-tribe_events","status-publish","has-post-thumbnail","hentry"],"_links":{"self":[{"href":"https:\/\/canoff.de\/index.php?rest_route=\/wp\/v2\/tribe_events\/408","targetHints":{"allow":["GET"]}}],"collection":[{"href":"https:\/\/canoff.de\/index.php?rest_route=\/wp\/v2\/tribe_events"}],"about":[{"href":"https:\/\/canoff.de\/index.php?rest_route=\/wp\/v2\/types\/tribe_events"}],"author":[{"embeddable":true,"href":"https:\/\/canoff.de\/index.php?rest_route=\/wp\/v2\/users\/1"}],"version-history":[{"count":1,"href":"https:\/\/canoff.de\/index.php?rest_route=\/wp\/v2\/tribe_events\/408\/revisions"}],"predecessor-version":[{"id":409,"href":"https:\/\/canoff.de\/index.php?rest_route=\/wp\/v2\/tribe_events\/408\/revisions\/409"}],"wp:featuredmedia":[{"embeddable":true,"href":"https:\/\/canoff.de\/index.php?rest_route=\/wp\/v2\/media\/266"}],"wp:attachment":[{"href":"https:\/\/canoff.de\/index.php?rest_route=%2Fwp%2Fv2%2Fmedia&parent=408"}],"wp:term":[{"taxonomy":"post_tag","embeddable":true,"href":"https:\/\/canoff.de\/index.php?rest_route=%2Fwp%2Fv2%2Ftags&post=408"},{"taxonomy":"tribe_events_cat","embeddable":true,"href":"https:\/\/canoff.de\/index.php?rest_route=%2Fwp%2Fv2%2Ftribe_events_cat&post=408"}],"curies":[{"name":"wp","href":"https:\/\/api.w.org\/{rel}","templated":true}]}}

CaNoFF-Eröffnung am 20. Juni 2023 in Rostock!

<p>Mit der Gründung des „Campus Nord für Frankreich &amp; Frankophonie“ im Verbund der Universitäten Bremen, Flensburg und Rostock wird erstmals im Norden Deutschlands ein universitäres Netzwerk für den wissenschaftlichen und kulturellen Austausch frankreich- und frankophoniebezogener Aktivitäten entstehen. Das CaNoFF ist ein offener Zusammenschluss und darauf ausgerichtet, alle interessierten Akteur:innen aus Wissenschaft, Kultur, Zivilgesellschaft und Wirtschaft als Mitglieder aufzunehmen und ein gemeinsames Forum für Kommunikation, Wissens- und Kulturtransfer zu bieten.</p>
<p>Zur Bildergalerie der Veranstaltung:</p>
<p><a href="https://www.itmz.uni-rostock.de/service/medienservice/foto-und-video/foto-archiv-veranstaltungen/eroeffnung-canoff/" target="_blank" rel="noreferrer noopener">https://www.itmz.uni-rostock.de/service/medienservice/foto-und-video/foto-archiv-veranstaltungen/eroeffnung-canoff/</a></p>
<hr />
<p><img loading="lazy" decoding="async" class="alignnone size-medium wp-image-257" src="https://canoff.de/wp-content/uploads/2023/06/Programm-CaNoFF-Rostock-212x300.png" alt="" width="212" height="300" srcset="https://canoff.de/wp-content/uploads/2023/06/Programm-CaNoFF-Rostock-212x300.png 212w, https://canoff.de/wp-content/uploads/2023/06/Programm-CaNoFF-Rostock-724x1024.png 724w, https://canoff.de/wp-content/uploads/2023/06/Programm-CaNoFF-Rostock-768x1086.png 768w, https://canoff.de/wp-content/uploads/2023/06/Programm-CaNoFF-Rostock-1086x1536.png 1086w, https://canoff.de/wp-content/uploads/2023/06/Programm-CaNoFF-Rostock-141x200.png 141w, https://canoff.de/wp-content/uploads/2023/06/Programm-CaNoFF-Rostock.png 1414w" sizes="auto, (max-width: 212px) 100vw, 212px" /></p>

<p>Mit der Gründung des „Campus Nord für Frankreich &amp; Frankophonie“ im Verbund der Universitäten Bremen, Flensburg und Rostock wird erstmals im Norden Deutschlands ein universitäres Netzwerk für den wissenschaftlichen und kulturellen Austausch frankreich- und frankophoniebezogener Aktivitäten entstehen. Das CaNoFF ist ein offener Zusammenschluss und darauf ausgerichtet, alle interessierten Akteur:innen aus &hellip;</p>
