{"id":405,"date":"2023-10-19T15:56:32","date_gmt":"2023-10-19T13:56:32","guid":{"rendered":"https:\/\/canoff.de\/?post_type=tribe_events&#038;p=405"},"modified":"2023-10-19T15:56:32","modified_gmt":"2023-10-19T13:56:32","slug":"canoff-eroeffnung-am-14-juni-2023-in-flensburg","status":"publish","type":"tribe_events","link":"https:\/\/canoff.de\/?tribe_events=canoff-eroeffnung-am-14-juni-2023-in-flensburg","title":{"rendered":"CaNoFF-Er\u00f6ffnung am 14. Juni 2023 in Flensburg!"},"content":{"rendered":"<p>Mit der Gr\u00fcndung des \u201eCampus Nord f\u00fcr Frankreich &amp; Frankophonie\u201c im Verbund der Universit\u00e4ten Bremen, Flensburg und Rostock wird erstmals im Norden Deutschlands ein universit\u00e4res Netzwerk f\u00fcr den wissenschaftlichen und kulturellen Austausch frankreich- und frankophoniebezogener Aktivit\u00e4ten entstehen. Das CaNoFF ist ein offener Zusammenschluss und darauf ausgerichtet, alle interessierten Akteur:innen aus Wissenschaft, Kultur, Zivilgesellschaft und Wirtschaft als Mitglieder aufzunehmen und ein gemeinsames Forum f\u00fcr Kommunikation, Wissens- und Kulturtransfer zu bieten.<\/p>\n<p><img loading=\"lazy\" decoding=\"async\" class=\"alignnone size-medium wp-image-269\" src=\"https:\/\/canoff.de\/wp-content\/uploads\/2023\/06\/BAF9220C-FC8F-48EB-9074-E09F5CC52FB7-300x200.jpeg\" alt=\"\" width=\"300\" height=\"200\" srcset=\"https:\/\/canoff.de\/wp-content\/uploads\/2023\/06\/BAF9220C-FC8F-48EB-9074-E09F5CC52FB7-300x200.jpeg 300w, https:\/\/canoff.de\/wp-content\/uploads\/2023\/06\/BAF9220C-FC8F-48EB-9074-E09F5CC52FB7-1024x683.jpeg 1024w, https:\/\/canoff.de\/wp-content\/uploads\/2023\/06\/BAF9220C-FC8F-48EB-9074-E09F5CC52FB7-768x512.jpeg 768w, https:\/\/canoff.de\/wp-content\/uploads\/2023\/06\/BAF9220C-FC8F-48EB-9074-E09F5CC52FB7-1536x1024.jpeg 1536w, https:\/\/canoff.de\/wp-content\/uploads\/2023\/06\/BAF9220C-FC8F-48EB-9074-E09F5CC52FB7-2048x1365.jpeg 2048w\" sizes=\"auto, (max-width: 300px) 100vw, 300px\" \/> <img loading=\"lazy\" decoding=\"async\" class=\"alignnone size-medium wp-image-307\" src=\"https:\/\/canoff.de\/wp-content\/uploads\/2023\/07\/CaNoFF-23.06.2023-Eroeffnung-04.jpg\" alt=\"\" width=\"1\" height=\"1\" \/><img loading=\"lazy\" decoding=\"async\" class=\"alignnone size-medium wp-image-308\" src=\"https:\/\/canoff.de\/wp-content\/uploads\/2023\/07\/CaNoFF-23.06.2023-Claire-Doutriaux-04-300x200.jpg\" alt=\"\" width=\"300\" height=\"200\" srcset=\"https:\/\/canoff.de\/wp-content\/uploads\/2023\/07\/CaNoFF-23.06.2023-Claire-Doutriaux-04-300x200.jpg 300w, https:\/\/canoff.de\/wp-content\/uploads\/2023\/07\/CaNoFF-23.06.2023-Claire-Doutriaux-04-1024x683.jpg 1024w, https:\/\/canoff.de\/wp-content\/uploads\/2023\/07\/CaNoFF-23.06.2023-Claire-Doutriaux-04-768x512.jpg 768w, https:\/\/canoff.de\/wp-content\/uploads\/2023\/07\/CaNoFF-23.06.2023-Claire-Doutriaux-04-1536x1024.jpg 1536w, https:\/\/canoff.de\/wp-content\/uploads\/2023\/07\/CaNoFF-23.06.2023-Claire-Doutriaux-04-2048x1365.jpg 2048w\" sizes=\"auto, (max-width: 300px) 100vw, 300px\" \/><img loading=\"lazy\" decoding=\"async\" class=\"alignnone size-medium wp-image-307\" src=\"https:\/\/canoff.de\/wp-content\/uploads\/2023\/07\/CaNoFF-23.06.2023-Eroeffnung-04.jpg\" alt=\"\" width=\"1\" height=\"1\" \/><\/p>\n<p><img loading=\"lazy\" decoding=\"async\" class=\"alignnone size-medium wp-image-296\" src=\"https:\/\/canoff.de\/wp-content\/uploads\/2023\/07\/CaNoFF-23.06.2023-Sektempfang-35-300x200.jpg\" alt=\"\" width=\"300\" height=\"200\" srcset=\"https:\/\/canoff.de\/wp-content\/uploads\/2023\/07\/CaNoFF-23.06.2023-Sektempfang-35-300x200.jpg 300w, https:\/\/canoff.de\/wp-content\/uploads\/2023\/07\/CaNoFF-23.06.2023-Sektempfang-35-1024x683.jpg 1024w, https:\/\/canoff.de\/wp-content\/uploads\/2023\/07\/CaNoFF-23.06.2023-Sektempfang-35-768x512.jpg 768w, https:\/\/canoff.de\/wp-content\/uploads\/2023\/07\/CaNoFF-23.06.2023-Sektempfang-35-1536x1024.jpg 1536w, https:\/\/canoff.de\/wp-content\/uploads\/2023\/07\/CaNoFF-23.06.2023-Sektempfang-35-2048x1365.jpg 2048w\" sizes=\"auto, (max-width: 300px) 100vw, 300px\" \/> <img loading=\"lazy\" decoding=\"async\" class=\"alignnone size-medium wp-image-231\" src=\"https:\/\/canoff.de\/wp-content\/uploads\/2023\/06\/Bildschirmfoto-2023-06-06-um-12.59.06-300x298.png\" alt=\"\" width=\"300\" height=\"298\" srcset=\"https:\/\/canoff.de\/wp-content\/uploads\/2023\/06\/Bildschirmfoto-2023-06-06-um-12.59.06-300x298.png 300w, https:\/\/canoff.de\/wp-content\/uploads\/2023\/06\/Bildschirmfoto-2023-06-06-um-12.59.06-1024x1016.png 1024w, https:\/\/canoff.de\/wp-content\/uploads\/2023\/06\/Bildschirmfoto-2023-06-06-um-12.59.06-150x150.png 150w, https:\/\/canoff.de\/wp-content\/uploads\/2023\/06\/Bildschirmfoto-2023-06-06-um-12.59.06-768x762.png 768w, https:\/\/canoff.de\/wp-content\/uploads\/2023\/06\/Bildschirmfoto-2023-06-06-um-12.59.06-1536x1524.png 1536w, https:\/\/canoff.de\/wp-content\/uploads\/2023\/06\/Bildschirmfoto-2023-06-06-um-12.59.06-302x300.png 302w, https:\/\/canoff.de\/wp-content\/uploads\/2023\/06\/Bildschirmfoto-2023-06-06-um-12.59.06.png 1756w\" sizes=\"auto, (max-width: 300px) 100vw, 300px\" \/><\/p>\n","protected":false},"excerpt":{"rendered":"<p>Mit der Gr\u00fcndung des \u201eCampus Nord f\u00fcr Frankreich &amp; Frankophonie\u201c im Verbund der Universit\u00e4ten Bremen, Flensburg und Rostock wird erstmals im Norden Deutschlands ein universit\u00e4res Netzwerk f\u00fcr den wissenschaftlichen und kulturellen Austausch frankreich- und frankophoniebezogener Aktivit\u00e4ten entstehen. Das CaNoFF ist ein offener Zusammenschluss und darauf ausgerichtet, alle interessierten Akteur:innen aus &hellip;<\/p>\n","protected":false},"author":1,"featured_media":294,"template":"","meta":{"_tribe_events_status":"","_tribe_events_status_reason":"","footnotes":""},"tags":[],"tribe_events_cat":[],"class_list":["post-405","tribe_events","type-tribe_events","status-publish","has-post-thumbnail","hentry"],"_links":{"self":[{"href":"https:\/\/canoff.de\/index.php?rest_route=\/wp\/v2\/tribe_events\/405","targetHints":{"allow":["GET"]}}],"collection":[{"href":"https:\/\/canoff.de\/index.php?rest_route=\/wp\/v2\/tribe_events"}],"about":[{"href":"https:\/\/canoff.de\/index.php?rest_route=\/wp\/v2\/types\/tribe_events"}],"author":[{"embeddable":true,"href":"https:\/\/canoff.de\/index.php?rest_route=\/wp\/v2\/users\/1"}],"version-history":[{"count":1,"href":"https:\/\/canoff.de\/index.php?rest_route=\/wp\/v2\/tribe_events\/405\/revisions"}],"predecessor-version":[{"id":406,"href":"https:\/\/canoff.de\/index.php?rest_route=\/wp\/v2\/tribe_events\/405\/revisions\/406"}],"wp:featuredmedia":[{"embeddable":true,"href":"https:\/\/canoff.de\/index.php?rest_route=\/wp\/v2\/media\/294"}],"wp:attachment":[{"href":"https:\/\/canoff.de\/index.php?rest_route=%2Fwp%2Fv2%2Fmedia&parent=405"}],"wp:term":[{"taxonomy":"post_tag","embeddable":true,"href":"https:\/\/canoff.de\/index.php?rest_route=%2Fwp%2Fv2%2Ftags&post=405"},{"taxonomy":"tribe_events_cat","embeddable":true,"href":"https:\/\/canoff.de\/index.php?rest_route=%2Fwp%2Fv2%2Ftribe_events_cat&post=405"}],"curies":[{"name":"wp","href":"https:\/\/api.w.org\/{rel}","templated":true}]}}

CaNoFF-Eröffnung am 14. Juni 2023 in Flensburg!

<p>Mit der Gründung des „Campus Nord für Frankreich &amp; Frankophonie“ im Verbund der Universitäten Bremen, Flensburg und Rostock wird erstmals im Norden Deutschlands ein universitäres Netzwerk für den wissenschaftlichen und kulturellen Austausch frankreich- und frankophoniebezogener Aktivitäten entstehen. Das CaNoFF ist ein offener Zusammenschluss und darauf ausgerichtet, alle interessierten Akteur:innen aus Wissenschaft, Kultur, Zivilgesellschaft und Wirtschaft als Mitglieder aufzunehmen und ein gemeinsames Forum für Kommunikation, Wissens- und Kulturtransfer zu bieten.</p>
<p><img loading="lazy" decoding="async" class="alignnone size-medium wp-image-269" src="https://canoff.de/wp-content/uploads/2023/06/BAF9220C-FC8F-48EB-9074-E09F5CC52FB7-300x200.jpeg" alt="" width="300" height="200" srcset="https://canoff.de/wp-content/uploads/2023/06/BAF9220C-FC8F-48EB-9074-E09F5CC52FB7-300x200.jpeg 300w, https://canoff.de/wp-content/uploads/2023/06/BAF9220C-FC8F-48EB-9074-E09F5CC52FB7-1024x683.jpeg 1024w, https://canoff.de/wp-content/uploads/2023/06/BAF9220C-FC8F-48EB-9074-E09F5CC52FB7-768x512.jpeg 768w, https://canoff.de/wp-content/uploads/2023/06/BAF9220C-FC8F-48EB-9074-E09F5CC52FB7-1536x1024.jpeg 1536w, https://canoff.de/wp-content/uploads/2023/06/BAF9220C-FC8F-48EB-9074-E09F5CC52FB7-2048x1365.jpeg 2048w" sizes="auto, (max-width: 300px) 100vw, 300px" /> <img loading="lazy" decoding="async" class="alignnone size-medium wp-image-307" src="https://canoff.de/wp-content/uploads/2023/07/CaNoFF-23.06.2023-Eroeffnung-04.jpg" alt="" width="1" height="1" /><img loading="lazy" decoding="async" class="alignnone size-medium wp-image-308" src="https://canoff.de/wp-content/uploads/2023/07/CaNoFF-23.06.2023-Claire-Doutriaux-04-300x200.jpg" alt="" width="300" height="200" srcset="https://canoff.de/wp-content/uploads/2023/07/CaNoFF-23.06.2023-Claire-Doutriaux-04-300x200.jpg 300w, https://canoff.de/wp-content/uploads/2023/07/CaNoFF-23.06.2023-Claire-Doutriaux-04-1024x683.jpg 1024w, https://canoff.de/wp-content/uploads/2023/07/CaNoFF-23.06.2023-Claire-Doutriaux-04-768x512.jpg 768w, https://canoff.de/wp-content/uploads/2023/07/CaNoFF-23.06.2023-Claire-Doutriaux-04-1536x1024.jpg 1536w, https://canoff.de/wp-content/uploads/2023/07/CaNoFF-23.06.2023-Claire-Doutriaux-04-2048x1365.jpg 2048w" sizes="auto, (max-width: 300px) 100vw, 300px" /><img loading="lazy" decoding="async" class="alignnone size-medium wp-image-307" src="https://canoff.de/wp-content/uploads/2023/07/CaNoFF-23.06.2023-Eroeffnung-04.jpg" alt="" width="1" height="1" /></p>
<p><img loading="lazy" decoding="async" class="alignnone size-medium wp-image-296" src="https://canoff.de/wp-content/uploads/2023/07/CaNoFF-23.06.2023-Sektempfang-35-300x200.jpg" alt="" width="300" height="200" srcset="https://canoff.de/wp-content/uploads/2023/07/CaNoFF-23.06.2023-Sektempfang-35-300x200.jpg 300w, https://canoff.de/wp-content/uploads/2023/07/CaNoFF-23.06.2023-Sektempfang-35-1024x683.jpg 1024w, https://canoff.de/wp-content/uploads/2023/07/CaNoFF-23.06.2023-Sektempfang-35-768x512.jpg 768w, https://canoff.de/wp-content/uploads/2023/07/CaNoFF-23.06.2023-Sektempfang-35-1536x1024.jpg 1536w, https://canoff.de/wp-content/uploads/2023/07/CaNoFF-23.06.2023-Sektempfang-35-2048x1365.jpg 2048w" sizes="auto, (max-width: 300px) 100vw, 300px" /> <img loading="lazy" decoding="async" class="alignnone size-medium wp-image-231" src="https://canoff.de/wp-content/uploads/2023/06/Bildschirmfoto-2023-06-06-um-12.59.06-300x298.png" alt="" width="300" height="298" srcset="https://canoff.de/wp-content/uploads/2023/06/Bildschirmfoto-2023-06-06-um-12.59.06-300x298.png 300w, https://canoff.de/wp-content/uploads/2023/06/Bildschirmfoto-2023-06-06-um-12.59.06-1024x1016.png 1024w, https://canoff.de/wp-content/uploads/2023/06/Bildschirmfoto-2023-06-06-um-12.59.06-150x150.png 150w, https://canoff.de/wp-content/uploads/2023/06/Bildschirmfoto-2023-06-06-um-12.59.06-768x762.png 768w, https://canoff.de/wp-content/uploads/2023/06/Bildschirmfoto-2023-06-06-um-12.59.06-1536x1524.png 1536w, https://canoff.de/wp-content/uploads/2023/06/Bildschirmfoto-2023-06-06-um-12.59.06-302x300.png 302w, https://canoff.de/wp-content/uploads/2023/06/Bildschirmfoto-2023-06-06-um-12.59.06.png 1756w" sizes="auto, (max-width: 300px) 100vw, 300px" /></p>

<p>Mit der Gründung des „Campus Nord für Frankreich &amp; Frankophonie“ im Verbund der Universitäten Bremen, Flensburg und Rostock wird erstmals im Norden Deutschlands ein universitäres Netzwerk für den wissenschaftlichen und kulturellen Austausch frankreich- und frankophoniebezogener Aktivitäten entstehen. Das CaNoFF ist ein offener Zusammenschluss und darauf ausgerichtet, alle interessierten Akteur:innen aus &hellip;</p>
