{"id":354,"date":"2023-10-16T20:26:30","date_gmt":"2023-10-16T18:26:30","guid":{"rendered":"https:\/\/canoff.de\/?post_type=tribe_events&#038;p=354"},"modified":"2024-04-27T16:55:18","modified_gmt":"2024-04-27T14:55:18","slug":"journee-detude-zu-literaturuebersetzung-mit-diaty-diallo-und-lena-mueller","status":"publish","type":"tribe_events","link":"https:\/\/canoff.de\/?tribe_events=journee-detude-zu-literaturuebersetzung-mit-diaty-diallo-und-lena-mueller","title":{"rendered":"Journ\u00e9e d&#8217;\u00e9tudes zu Literatur\u00fcbersetzung mit Diaty Diallo und Lena M\u00fcller"},"content":{"rendered":"<p>Am 23. Oktober 2023 findet ein Studientag zur Literatur\u00fcbersetzung in der Universit\u00e4t Bremen statt. Eingeladen sind die Autorin Diaty Diallo sowie die Literatur\u00fcbersetzerin Lena M\u00fcller, welche das Werk &#8222;Deux secondes d&#8217;air qui br\u00fble&#8220; Diallos 2023 \u00fcbersetzte.<\/p>\n<p>Die journ\u00e9e d&#8217;\u00e9tude beginnt um 14:15 Uhr mit einem Atelier mit Lena M\u00fcller, welches um ca. 15.45 Uhr enden wird. Dieses findet in der Universit\u00e4t Bremen, im Geb\u00e4ude GW 2 A 3.570 statt und wird f\u00fcr Mitglieder au\u00dferhalb Bremens in hybrider Form angeboten.<\/p>\n<p>Abschlie\u00dfend findet am Abend um 19:00 Uhr eine Lesung in deutscher und franz\u00f6sischer Sprache mit der Diaty Diallo statt. Diese ist nur in Pr\u00e4senz zu besuchen und befindet sich im Institut Fran\u00e7ais Bremen, Contrescarpe 19.<\/p>\n<p>Es wird um eine Anmeldung unter fralit@uni-bremen.de gebeten. Sollten Sie dem Atelier in Pr\u00e4senz nicht beiwohnen k\u00f6nnen, ist unter gleicher Mail auch der Link f\u00fcr die digitale Teilnahme zu erhalten.<\/p>\n","protected":false},"excerpt":{"rendered":"<p>Am 23. Oktober 2023 findet ein Studientag zur Literatur\u00fcbersetzung in der Universit\u00e4t Bremen statt. Eingeladen sind die Autorin Diaty Diallo sowie die Literatur\u00fcbersetzerin Lena M\u00fcller, welche das Werk &#8222;Deux secondes d&#8217;air qui br\u00fble&#8220; Diallos 2023 \u00fcbersetzte. Die journ\u00e9e d&#8217;\u00e9tude beginnt um 14:15 Uhr mit einem Atelier mit Lena M\u00fcller, welches &hellip;<\/p>\n","protected":false},"author":1,"featured_media":355,"template":"","meta":{"_tribe_events_status":"","_tribe_events_status_reason":"","footnotes":""},"tags":[],"tribe_events_cat":[109],"class_list":["post-354","tribe_events","type-tribe_events","status-publish","has-post-thumbnail","hentry","tribe_events_cat-journee-detudes","cat_journee-detudes"],"_links":{"self":[{"href":"https:\/\/canoff.de\/index.php?rest_route=\/wp\/v2\/tribe_events\/354","targetHints":{"allow":["GET"]}}],"collection":[{"href":"https:\/\/canoff.de\/index.php?rest_route=\/wp\/v2\/tribe_events"}],"about":[{"href":"https:\/\/canoff.de\/index.php?rest_route=\/wp\/v2\/types\/tribe_events"}],"author":[{"embeddable":true,"href":"https:\/\/canoff.de\/index.php?rest_route=\/wp\/v2\/users\/1"}],"version-history":[{"count":2,"href":"https:\/\/canoff.de\/index.php?rest_route=\/wp\/v2\/tribe_events\/354\/revisions"}],"predecessor-version":[{"id":661,"href":"https:\/\/canoff.de\/index.php?rest_route=\/wp\/v2\/tribe_events\/354\/revisions\/661"}],"wp:featuredmedia":[{"embeddable":true,"href":"https:\/\/canoff.de\/index.php?rest_route=\/wp\/v2\/media\/355"}],"wp:attachment":[{"href":"https:\/\/canoff.de\/index.php?rest_route=%2Fwp%2Fv2%2Fmedia&parent=354"}],"wp:term":[{"taxonomy":"post_tag","embeddable":true,"href":"https:\/\/canoff.de\/index.php?rest_route=%2Fwp%2Fv2%2Ftags&post=354"},{"taxonomy":"tribe_events_cat","embeddable":true,"href":"https:\/\/canoff.de\/index.php?rest_route=%2Fwp%2Fv2%2Ftribe_events_cat&post=354"}],"curies":[{"name":"wp","href":"https:\/\/api.w.org\/{rel}","templated":true}]}}

Journée d&#8217;études zu Literaturübersetzung mit Diaty Diallo und Lena Müller

<p>Am 23. Oktober 2023 findet ein Studientag zur Literaturübersetzung in der Universität Bremen statt. Eingeladen sind die Autorin Diaty Diallo sowie die Literaturübersetzerin Lena Müller, welche das Werk &#8222;Deux secondes d&#8217;air qui brûle&#8220; Diallos 2023 übersetzte.</p>
<p>Die journée d&#8217;étude beginnt um 14:15 Uhr mit einem Atelier mit Lena Müller, welches um ca. 15.45 Uhr enden wird. Dieses findet in der Universität Bremen, im Gebäude GW 2 A 3.570 statt und wird für Mitglieder außerhalb Bremens in hybrider Form angeboten.</p>
<p>Abschließend findet am Abend um 19:00 Uhr eine Lesung in deutscher und französischer Sprache mit der Diaty Diallo statt. Diese ist nur in Präsenz zu besuchen und befindet sich im Institut Français Bremen, Contrescarpe 19.</p>
<p>Es wird um eine Anmeldung unter fralit@uni-bremen.de gebeten. Sollten Sie dem Atelier in Präsenz nicht beiwohnen können, ist unter gleicher Mail auch der Link für die digitale Teilnahme zu erhalten.</p>

<p>Am 23. Oktober 2023 findet ein Studientag zur Literaturübersetzung in der Universität Bremen statt. Eingeladen sind die Autorin Diaty Diallo sowie die Literaturübersetzerin Lena Müller, welche das Werk &#8222;Deux secondes d&#8217;air qui brûle&#8220; Diallos 2023 übersetzte. Die journée d&#8217;étude beginnt um 14:15 Uhr mit einem Atelier mit Lena Müller, welches &hellip;</p>
