{"id":1535,"date":"2026-02-12T08:25:25","date_gmt":"2026-02-12T07:25:25","guid":{"rendered":"https:\/\/canoff.de\/?post_type=tribe_events&#038;p=1535"},"modified":"2026-02-12T08:25:25","modified_gmt":"2026-02-12T07:25:25","slug":"lesung-mit-romanist-prof-ottmar-ette-zu-seinem-roman","status":"publish","type":"tribe_events","link":"https:\/\/canoff.de\/?tribe_events=lesung-mit-romanist-prof-ottmar-ette-zu-seinem-roman","title":{"rendered":"Lesung mit Romanist Prof. Ottmar Ette zu seinem Roman \u00ab"},"content":{"rendered":"<p>Der Roman erinnert an diesen gr\u00f6\u00dften Bunker Deutschlands. Bunker Valentin ist eine Chiffre deutscher und europ\u00e4ischer Geschichte, kamen in seinen Arbeits- und Konzentrationslagern doch weit mehr als Tausend Zwangsarbeiter aus ganz Europa zu Tode. Da auch die Wachmannschaften aus vielen L\u00e4ndern stammten, konzentriert sich im Bunker nicht nur die Geschichte Europas, sondern anhand der Biographien von Architekten und Lagerkommandanten, von zu Tode Gemarterten und \u00dcberlebenden auch eine Geschichte der Br\u00fcche und Kontinuit\u00e4ten, die von der nicht verheilenden Wunde des Bunkers zur Welt des Wirtschaftswunders f\u00fchrt.<\/p>\n<p>Moderiert und gelesen wird der Roman von der Journalistin und Bildungsreferentin <strong>Antje Bielfeld-M\u00fcller.<\/strong><br \/>\nEinf\u00fchrung: <strong>Karen Struve<\/strong> (Universit\u00e4t Bremen)<\/p>\n<p>Im Rahmen der Veranstaltungen zum 27. Januar, Tag des Gedenken an die Opfer des Nationalsozialismus.<\/p>\n<p>Kooperationspartner: Landeszentrale f\u00fcr politische Bildung Bremen, CaNoFF\/Universit\u00e4t Bremen und Stadtbibliothek Bremen.<\/p>\n<p>***<\/p>\n<p>Le roman rappelle ce bunker, le plus grand d&#8217;Allemagne. Le bunker Valentin est un symbole de l&#8217;histoire allemande et europ\u00e9enne, car plus d&#8217;un millier de travailleurs forc\u00e9s venus de toute l&#8217;Europe y ont trouv\u00e9 la mort dans ses camps de travail et de concentration. Comme les gardes provenaient \u00e9galement de nombreux pays, le bunker concentre non seulement l&#8217;histoire de l&#8217;Europe, mais aussi, \u00e0 travers les biographies des architectes et des commandants du camp, des personnes tortur\u00e9es \u00e0 mort et des survivants, une histoire de ruptures et de continuit\u00e9s qui m\u00e8ne de la blessure non cicatris\u00e9e du bunker au monde du miracle \u00e9conomique.<\/p>\n<p>Le roman est pr\u00e9sent\u00e9 et lu par la journaliste et charg\u00e9e de formation Antje Bielfeld-M\u00fcller.<br \/>\nIntroduction : Karen Struve (Universit\u00e9 de Br\u00eame)<\/p>\n<p>Dans le cadre des manifestations organis\u00e9es \u00e0 l&#8217;occasion du 27 janvier, journ\u00e9e de comm\u00e9moration des victimes du nazisme.<\/p>\n<p>Partenaires : Centre r\u00e9gional pour l&#8217;\u00e9ducation politique de Br\u00eame, CaNoFF\/Universit\u00e9 de Br\u00eame et Biblioth\u00e8que municipale de Br\u00eame.<\/p>\n<p>____________<\/p>\n<p>Foto: Bundesarchiv, Bild 185-09-25 \/ CC-BY-SA 3.0, CC BY-SA 3.0 DE &lt;https:\/\/creativecommons.org\/licenses\/by-sa\/3.0\/de\/deed.en&gt;, via Wikimedia Commons<\/p>\n","protected":false},"excerpt":{"rendered":"<p>Der Roman erinnert an diesen gr\u00f6\u00dften Bunker Deutschlands. Bunker Valentin ist eine Chiffre deutscher und europ\u00e4ischer Geschichte, kamen in seinen Arbeits- und Konzentrationslagern doch weit mehr als Tausend Zwangsarbeiter aus ganz Europa zu Tode. Da auch die Wachmannschaften aus vielen L\u00e4ndern stammten, konzentriert sich im Bunker nicht nur die Geschichte &hellip;<\/p>\n","protected":false},"author":1,"featured_media":1536,"template":"","meta":{"_tribe_events_status":"","_tribe_events_status_reason":"","footnotes":""},"tags":[],"tribe_events_cat":[101],"class_list":["post-1535","tribe_events","type-tribe_events","status-publish","has-post-thumbnail","hentry","tribe_events_cat-lesung","cat_lesung"],"_links":{"self":[{"href":"https:\/\/canoff.de\/index.php?rest_route=\/wp\/v2\/tribe_events\/1535","targetHints":{"allow":["GET"]}}],"collection":[{"href":"https:\/\/canoff.de\/index.php?rest_route=\/wp\/v2\/tribe_events"}],"about":[{"href":"https:\/\/canoff.de\/index.php?rest_route=\/wp\/v2\/types\/tribe_events"}],"author":[{"embeddable":true,"href":"https:\/\/canoff.de\/index.php?rest_route=\/wp\/v2\/users\/1"}],"version-history":[{"count":1,"href":"https:\/\/canoff.de\/index.php?rest_route=\/wp\/v2\/tribe_events\/1535\/revisions"}],"predecessor-version":[{"id":1538,"href":"https:\/\/canoff.de\/index.php?rest_route=\/wp\/v2\/tribe_events\/1535\/revisions\/1538"}],"wp:featuredmedia":[{"embeddable":true,"href":"https:\/\/canoff.de\/index.php?rest_route=\/wp\/v2\/media\/1536"}],"wp:attachment":[{"href":"https:\/\/canoff.de\/index.php?rest_route=%2Fwp%2Fv2%2Fmedia&parent=1535"}],"wp:term":[{"taxonomy":"post_tag","embeddable":true,"href":"https:\/\/canoff.de\/index.php?rest_route=%2Fwp%2Fv2%2Ftags&post=1535"},{"taxonomy":"tribe_events_cat","embeddable":true,"href":"https:\/\/canoff.de\/index.php?rest_route=%2Fwp%2Fv2%2Ftribe_events_cat&post=1535"}],"curies":[{"name":"wp","href":"https:\/\/api.w.org\/{rel}","templated":true}]}}

<p>Der Roman erinnert an diesen größten Bunker Deutschlands. Bunker Valentin ist eine Chiffre deutscher und europäischer Geschichte, kamen in seinen Arbeits- und Konzentrationslagern doch weit mehr als Tausend Zwangsarbeiter aus ganz Europa zu Tode. Da auch die Wachmannschaften aus vielen Ländern stammten, konzentriert sich im Bunker nicht nur die Geschichte Europas, sondern anhand der Biographien von Architekten und Lagerkommandanten, von zu Tode Gemarterten und Überlebenden auch eine Geschichte der Brüche und Kontinuitäten, die von der nicht verheilenden Wunde des Bunkers zur Welt des Wirtschaftswunders führt.</p>
<p>Moderiert und gelesen wird der Roman von der Journalistin und Bildungsreferentin <strong>Antje Bielfeld-Müller.</strong><br />
Einführung: <strong>Karen Struve</strong> (Universität Bremen)</p>
<p>Im Rahmen der Veranstaltungen zum 27. Januar, Tag des Gedenken an die Opfer des Nationalsozialismus.</p>
<p>Kooperationspartner: Landeszentrale für politische Bildung Bremen, CaNoFF/Universität Bremen und Stadtbibliothek Bremen.</p>
<p>***</p>
<p>Le roman rappelle ce bunker, le plus grand d&#8217;Allemagne. Le bunker Valentin est un symbole de l&#8217;histoire allemande et européenne, car plus d&#8217;un millier de travailleurs forcés venus de toute l&#8217;Europe y ont trouvé la mort dans ses camps de travail et de concentration. Comme les gardes provenaient également de nombreux pays, le bunker concentre non seulement l&#8217;histoire de l&#8217;Europe, mais aussi, à travers les biographies des architectes et des commandants du camp, des personnes torturées à mort et des survivants, une histoire de ruptures et de continuités qui mène de la blessure non cicatrisée du bunker au monde du miracle économique.</p>
<p>Le roman est présenté et lu par la journaliste et chargée de formation Antje Bielfeld-Müller.<br />
Introduction : Karen Struve (Université de Brême)</p>
<p>Dans le cadre des manifestations organisées à l&#8217;occasion du 27 janvier, journée de commémoration des victimes du nazisme.</p>
<p>Partenaires : Centre régional pour l&#8217;éducation politique de Brême, CaNoFF/Université de Brême et Bibliothèque municipale de Brême.</p>
<p>____________</p>
<p>Foto: Bundesarchiv, Bild 185-09-25 / CC-BY-SA 3.0, CC BY-SA 3.0 DE &lt;https://creativecommons.org/licenses/by-sa/3.0/de/deed.en&gt;, via Wikimedia Commons</p>

<p>Der Roman erinnert an diesen größten Bunker Deutschlands. Bunker Valentin ist eine Chiffre deutscher und europäischer Geschichte, kamen in seinen Arbeits- und Konzentrationslagern doch weit mehr als Tausend Zwangsarbeiter aus ganz Europa zu Tode. Da auch die Wachmannschaften aus vielen Ländern stammten, konzentriert sich im Bunker nicht nur die Geschichte &hellip;</p>
