{"id":1362,"date":"2025-12-16T16:01:06","date_gmt":"2025-12-16T15:01:06","guid":{"rendered":"https:\/\/canoff.de\/?post_type=tribe_events&#038;p=1362"},"modified":"2025-12-16T16:04:36","modified_gmt":"2025-12-16T15:04:36","slug":"la-communaute-francophone-de-breme-vous-invite-pour-la-galette-des-rois","status":"publish","type":"tribe_events","link":"https:\/\/canoff.de\/?tribe_events=la-communaute-francophone-de-breme-vous-invite-pour-la-galette-des-rois","title":{"rendered":"La Communaut\u00e9 francophone de Br\u00eame vous invite pour la Galette des Rois"},"content":{"rendered":"<p>Die Communaut\u00e9 francophone de Br\u00eame m\u00f6chte herzlich zur Teilnahme am Galette des Rois-Nachmittag am 18.01. um 15.30 Uhr einladen.<\/p>\n<p>Die Communaut\u00e9 Francophone de Br\u00eame erleichtert die Integration franz\u00f6sischsprachiger Neuank\u00f6mmlinge in Bremen, verbindet Franz\u00f6sischsprachige und franz\u00f6sischsprachige Initiativen miteinander, mit dem Ziel, in einer f\u00fcr alle offenen Gemeinschaft zusammenzuleben.<\/p>\n<p>Diese und weitere Informationen und Veranstaltungen finden Sie auf der Webseite der CFB: <a href=\"https:\/\/www.cfbreme.com\/\">https:\/\/www.cfbreme.com\/<\/a><\/p>\n<p>***<\/p>\n<p>La Communaut\u00e9 francophone de Br\u00eame vous invite cordialement \u00e0 participer \u00e0 l&#8217;apr\u00e8s-midi de la Galette de Rois le 18 janvier \u00e0 15h30.<\/p>\n<p>La Communaut\u00e9 Francophone de Br\u00eame facilite l\u2019int\u00e9gration des nouveaux arrivants francophones \u00e0 Br\u00eame, connecte les francophones et initiatives francophones entre eux, dans le but de vivre ensemble dans une forme de communaut\u00e9 ouverte \u00e0 toutes et tous.<\/p>\n<p>Vous trouverez ces informations et d\u2019autres encore, ainsi que le programme des manifestations, sur le site web de la CFB : <a href=\"https:\/\/www.cfbreme.com\/\">https:\/\/www.cfbreme.com\/<\/a><\/p>\n","protected":false},"excerpt":{"rendered":"<p>Die Communaut\u00e9 francophone de Br\u00eame m\u00f6chte herzlich zur Teilnahme am Galette des Rois-Nachmittag am 18.01. um 15.30 Uhr einladen. Die Communaut\u00e9 Francophone de Br\u00eame erleichtert die Integration franz\u00f6sischsprachiger Neuank\u00f6mmlinge in Bremen, verbindet Franz\u00f6sischsprachige und franz\u00f6sischsprachige Initiativen miteinander, mit dem Ziel, in einer f\u00fcr alle offenen Gemeinschaft zusammenzuleben. Diese und weitere &hellip;<\/p>\n","protected":false},"author":1,"featured_media":1365,"template":"","meta":{"_tribe_events_status":"","_tribe_events_status_reason":"","footnotes":""},"tags":[],"tribe_events_cat":[],"class_list":["post-1362","tribe_events","type-tribe_events","status-publish","has-post-thumbnail","hentry"],"_links":{"self":[{"href":"https:\/\/canoff.de\/index.php?rest_route=\/wp\/v2\/tribe_events\/1362","targetHints":{"allow":["GET"]}}],"collection":[{"href":"https:\/\/canoff.de\/index.php?rest_route=\/wp\/v2\/tribe_events"}],"about":[{"href":"https:\/\/canoff.de\/index.php?rest_route=\/wp\/v2\/types\/tribe_events"}],"author":[{"embeddable":true,"href":"https:\/\/canoff.de\/index.php?rest_route=\/wp\/v2\/users\/1"}],"version-history":[{"count":3,"href":"https:\/\/canoff.de\/index.php?rest_route=\/wp\/v2\/tribe_events\/1362\/revisions"}],"predecessor-version":[{"id":1367,"href":"https:\/\/canoff.de\/index.php?rest_route=\/wp\/v2\/tribe_events\/1362\/revisions\/1367"}],"wp:featuredmedia":[{"embeddable":true,"href":"https:\/\/canoff.de\/index.php?rest_route=\/wp\/v2\/media\/1365"}],"wp:attachment":[{"href":"https:\/\/canoff.de\/index.php?rest_route=%2Fwp%2Fv2%2Fmedia&parent=1362"}],"wp:term":[{"taxonomy":"post_tag","embeddable":true,"href":"https:\/\/canoff.de\/index.php?rest_route=%2Fwp%2Fv2%2Ftags&post=1362"},{"taxonomy":"tribe_events_cat","embeddable":true,"href":"https:\/\/canoff.de\/index.php?rest_route=%2Fwp%2Fv2%2Ftribe_events_cat&post=1362"}],"curies":[{"name":"wp","href":"https:\/\/api.w.org\/{rel}","templated":true}]}}

La Communauté francophone de Brême vous invite pour la Galette des Rois

<p>Die Communauté francophone de Brême möchte herzlich zur Teilnahme am Galette des Rois-Nachmittag am 18.01. um 15.30 Uhr einladen.</p>
<p>Die Communauté Francophone de Brême erleichtert die Integration französischsprachiger Neuankömmlinge in Bremen, verbindet Französischsprachige und französischsprachige Initiativen miteinander, mit dem Ziel, in einer für alle offenen Gemeinschaft zusammenzuleben.</p>
<p>Diese und weitere Informationen und Veranstaltungen finden Sie auf der Webseite der CFB: <a href="https://www.cfbreme.com/">https://www.cfbreme.com/</a></p>
<p>***</p>
<p>La Communauté francophone de Brême vous invite cordialement à participer à l&#8217;après-midi de la Galette de Rois le 18 janvier à 15h30.</p>
<p>La Communauté Francophone de Brême facilite l’intégration des nouveaux arrivants francophones à Brême, connecte les francophones et initiatives francophones entre eux, dans le but de vivre ensemble dans une forme de communauté ouverte à toutes et tous.</p>
<p>Vous trouverez ces informations et d’autres encore, ainsi que le programme des manifestations, sur le site web de la CFB : <a href="https://www.cfbreme.com/">https://www.cfbreme.com/</a></p>

<p>Die Communauté francophone de Brême möchte herzlich zur Teilnahme am Galette des Rois-Nachmittag am 18.01. um 15.30 Uhr einladen. Die Communauté Francophone de Brême erleichtert die Integration französischsprachiger Neuankömmlinge in Bremen, verbindet Französischsprachige und französischsprachige Initiativen miteinander, mit dem Ziel, in einer für alle offenen Gemeinschaft zusammenzuleben. Diese und weitere &hellip;</p>
