{"id":1087,"date":"2025-08-08T13:01:12","date_gmt":"2025-08-08T11:01:12","guid":{"rendered":"https:\/\/canoff.de\/?post_type=tribe_events&#038;p=1087"},"modified":"2025-12-27T19:26:49","modified_gmt":"2025-12-27T18:26:49","slug":"vdfg-atelier-best-practice-austausch-projektideen-veranstaltungsformate","status":"publish","type":"tribe_events","link":"https:\/\/canoff.de\/?tribe_events=vdfg-atelier-best-practice-austausch-projektideen-veranstaltungsformate","title":{"rendered":"VDFG Atelier | Best Practice Austausch Projektideen &#038; Veranstaltungsformate"},"content":{"rendered":"<div>\n<p>Das VDFG m\u00f6chte Sie diesen Sommer dazu einladen, mit anderen Engagierten in den Austausch zu kommen und sich gegenseitig zu inspirieren, welche Projekte und Veranstaltungen im Rahmen unserer deutsch-franz\u00f6sischen Vereine und St\u00e4dtepartnerschaften besonders wirksam sind. Weitere Themen wie Mitgliedergewinnung, \u00d6ffentlichkeitsarbeit oder die Einbindung junger Menschen k\u00f6nnen ebenfalls gemeinsam diskutiert werden.<\/p>\n<p>Wir freuen uns auf Ihre Beitr\u00e4ge zu den <em>bonnes pratiques<\/em> Ihrer Vereine und St\u00e4dtepartnerschaften, die Sie gerne bereits in der Anmeldung oder unter <a href=\"mailto:mueller@vdfg.de\">mueller@vdfg.de<\/a> teilen k\u00f6nnen.<\/p>\n<p><em>Die Angebote der Transformationsstelle f\u00fcr die deutsch-franz\u00f6sische Zivilgesellschaft werden durch eine Projektf\u00f6rderung durch das Ausw\u00e4rtige Amt erm\u00f6glicht.<\/em><\/p>\n<\/div>\n<div>\n<div class=\"info-row\">\n<p><span style=\"text-decoration: underline;\"><strong>Online<\/strong><\/span><\/p>\n<\/div>\n<div class=\"info-row\">\n<p><time datetime=\"2025-08-18\">Mo, 18. August 2025<\/time><br \/>\n<span data-time=\"2025-08-18T17:00:00+00:00\" data-timezone=\"Europe\/Berlin\">Beginn: <time datetime=\"19:00\">19:00<\/time><\/span><br \/>\n<span data-time=\"2025-08-18T16:55:00+00:00\" data-timezone=\"Europe\/Berlin\">Einlass: <time datetime=\"18:55\">18:55<\/time><\/span><\/p>\n<p>Zur Teilnahme muss ein GRATIS Online-Ticket \u00fcber <a href=\"https:\/\/pretix.eu\/vdfg\/atelier-2025-8\/\" target=\"_blank\" rel=\"noopener\">diesen Link<\/a> erworben werden!<\/p>\n<\/div>\n<\/div>\n<p>&nbsp;<\/p>\n<p>Foto: Unsplash [ver\u00e4ndert durch Yannick Lemasson]<\/p>\n","protected":false},"excerpt":{"rendered":"<p>Das VDFG m\u00f6chte Sie diesen Sommer dazu einladen, mit anderen Engagierten in den Austausch zu kommen und sich gegenseitig zu inspirieren, welche Projekte und Veranstaltungen im Rahmen unserer deutsch-franz\u00f6sischen Vereine und St\u00e4dtepartnerschaften besonders wirksam sind. Weitere Themen wie Mitgliedergewinnung, \u00d6ffentlichkeitsarbeit oder die Einbindung junger Menschen k\u00f6nnen ebenfalls gemeinsam diskutiert werden. &hellip;<\/p>\n","protected":false},"author":1,"featured_media":1088,"template":"","meta":{"_tribe_events_status":"","_tribe_events_status_reason":"","footnotes":""},"tags":[],"tribe_events_cat":[105],"class_list":["post-1087","tribe_events","type-tribe_events","status-publish","has-post-thumbnail","hentry","tribe_events_cat-atelier","cat_atelier"],"_links":{"self":[{"href":"https:\/\/canoff.de\/index.php?rest_route=\/wp\/v2\/tribe_events\/1087","targetHints":{"allow":["GET"]}}],"collection":[{"href":"https:\/\/canoff.de\/index.php?rest_route=\/wp\/v2\/tribe_events"}],"about":[{"href":"https:\/\/canoff.de\/index.php?rest_route=\/wp\/v2\/types\/tribe_events"}],"author":[{"embeddable":true,"href":"https:\/\/canoff.de\/index.php?rest_route=\/wp\/v2\/users\/1"}],"version-history":[{"count":3,"href":"https:\/\/canoff.de\/index.php?rest_route=\/wp\/v2\/tribe_events\/1087\/revisions"}],"predecessor-version":[{"id":1385,"href":"https:\/\/canoff.de\/index.php?rest_route=\/wp\/v2\/tribe_events\/1087\/revisions\/1385"}],"wp:featuredmedia":[{"embeddable":true,"href":"https:\/\/canoff.de\/index.php?rest_route=\/wp\/v2\/media\/1088"}],"wp:attachment":[{"href":"https:\/\/canoff.de\/index.php?rest_route=%2Fwp%2Fv2%2Fmedia&parent=1087"}],"wp:term":[{"taxonomy":"post_tag","embeddable":true,"href":"https:\/\/canoff.de\/index.php?rest_route=%2Fwp%2Fv2%2Ftags&post=1087"},{"taxonomy":"tribe_events_cat","embeddable":true,"href":"https:\/\/canoff.de\/index.php?rest_route=%2Fwp%2Fv2%2Ftribe_events_cat&post=1087"}],"curies":[{"name":"wp","href":"https:\/\/api.w.org\/{rel}","templated":true}]}}

<div>
<p>Das VDFG möchte Sie diesen Sommer dazu einladen, mit anderen Engagierten in den Austausch zu kommen und sich gegenseitig zu inspirieren, welche Projekte und Veranstaltungen im Rahmen unserer deutsch-französischen Vereine und Städtepartnerschaften besonders wirksam sind. Weitere Themen wie Mitgliedergewinnung, Öffentlichkeitsarbeit oder die Einbindung junger Menschen können ebenfalls gemeinsam diskutiert werden.</p>
<p>Wir freuen uns auf Ihre Beiträge zu den <em>bonnes pratiques</em> Ihrer Vereine und Städtepartnerschaften, die Sie gerne bereits in der Anmeldung oder unter <a href="mailto:mueller@vdfg.de">mueller@vdfg.de</a> teilen können.</p>
<p><em>Die Angebote der Transformationsstelle für die deutsch-französische Zivilgesellschaft werden durch eine Projektförderung durch das Auswärtige Amt ermöglicht.</em></p>
</div>
<div>
<div class="info-row">
<p><span style="text-decoration: underline;"><strong>Online</strong></span></p>
</div>
<div class="info-row">
<p><time datetime="2025-08-18">Mo, 18. August 2025</time><br />
<span data-time="2025-08-18T17:00:00+00:00" data-timezone="Europe/Berlin">Beginn: <time datetime="19:00">19:00</time></span><br />
<span data-time="2025-08-18T16:55:00+00:00" data-timezone="Europe/Berlin">Einlass: <time datetime="18:55">18:55</time></span></p>
<p>Zur Teilnahme muss ein GRATIS Online-Ticket über <a href="https://pretix.eu/vdfg/atelier-2025-8/" target="_blank" rel="noopener">diesen Link</a> erworben werden!</p>
</div>
</div>
<p>&nbsp;</p>
<p>Foto: Unsplash [verändert durch Yannick Lemasson]</p>

<p>Das VDFG möchte Sie diesen Sommer dazu einladen, mit anderen Engagierten in den Austausch zu kommen und sich gegenseitig zu inspirieren, welche Projekte und Veranstaltungen im Rahmen unserer deutsch-französischen Vereine und Städtepartnerschaften besonders wirksam sind. Weitere Themen wie Mitgliedergewinnung, Öffentlichkeitsarbeit oder die Einbindung junger Menschen können ebenfalls gemeinsam diskutiert werden. &hellip;</p>
