{"id":970,"date":"2025-04-22T08:00:01","date_gmt":"2025-04-22T06:00:01","guid":{"rendered":"https:\/\/canoff.de\/?page_id=970"},"modified":"2026-01-20T13:43:08","modified_gmt":"2026-01-20T12:43:08","slug":"trans-spheres-de-lanthropocene","status":"publish","type":"page","link":"https:\/\/canoff.de\/?page_id=970","title":{"rendered":"Trans-sph\u00e4ren des Anthropoz\u00e4ns"},"content":{"rendered":"\n<p>Mit der dritten Forschungsachse m\u00f6chte CaNoFF den Spuren folgen, die der Mensch auf der Welt hinterlassen hat und hinterl\u00e4sst.&nbsp;Das Anthropoz\u00e4n, die sozial-\u00f6kologische Transformation sowie Fragen der Nachhaltigkeit und Resilienz stehen hier im Mittelpunkt.&nbsp;Dabei sollen besonders die Randbereiche, Abgr\u00fcnde und Transitzonen&nbsp;erforscht werden: solche, die der Mensch betritt, die er hervorbringt, gestaltet&nbsp;oder die er als solche reflektiert.&nbsp;Dem Spannungsverh\u00e4ltnis, das sich einerseits aus der Unm\u00f6glichkeit speist, die Welt ohne sich selbst zu denken, und andererseits aus der Faszination oder Notwendigkeit, genau dies zu tun,&nbsp;entspringt Aktivit\u00e4t und Produktivit\u00e4t:&nbsp;Kulturen des Dazwischen, an den Klippenwegen menschlicher Vorstellungs- und Schaffenskraft.&nbsp;Narrative und Literaturen \u00fcber Resilienz, Postwachstum und Formen der Reparation&nbsp;k\u00f6nnen als solche kreativen Aushandlungsr\u00e4ume f\u00fcr Fragen der kritischen Revision des Anthropoz\u00e4ns (\u00e9criture&nbsp;\u00e9cocritique,&nbsp;<em>nature&nbsp;writing<\/em>, science-fiction \u00e0 la fran\u00e7aise, space&nbsp;operas) perspektiviert und untersucht werden.<\/p>\n\n\n\n<p>Gerade weil die&nbsp;<em>Trans-sph\u00e8res de l\u2019anthropoc\u00e8ne<\/em>nur aus einer globalen, transkulturellen Perspektive verstanden werden k\u00f6nnen, er\u00f6ffnen die \u00fcber alle Kontinente hinweg vernetzten frankophonen R\u00e4ume einen besonders interessanten Zugang. Multidisziplin\u00e4re Untersuchungsgegenst\u00e4nde wie z.B. die \u201ehumanit\u00e9 bleue\u201c, frankophone \u00d6ko-Poetiken im Dialog mit der Welt oder die Diskurse um Klimagerechtigkeit im frankophonen Raum sind hier zu verorten.<\/p>\n\n\n\n<p>#Deutungsmacht #Wissenschaft und \u00c4sthetik&nbsp;#Transit&nbsp;#\u00e9criture&nbsp;\u00e9cocritique #nature&nbsp;writing&nbsp;#science-fiction \u00e0 la fran\u00e7aise #space&nbsp;operas&nbsp;#Nachhaltigkeit #Literatur als&nbsp;transfer\/trans-sph\u00e8re&nbsp;#\u00e9criture&nbsp;du&nbsp;renoncement&nbsp;#blue humanities #Kultur und Postwachstum<\/p>\n","protected":false},"excerpt":{"rendered":"<p>Mit der dritten Forschungsachse m\u00f6chte CaNoFF den Spuren folgen, die der Mensch auf der Welt hinterlassen hat und hinterl\u00e4sst.&nbsp;Das Anthropoz\u00e4n, die sozial-\u00f6kologische Transformation sowie Fragen der Nachhaltigkeit und Resilienz stehen hier im Mittelpunkt.&nbsp;Dabei sollen besonders die Randbereiche, Abgr\u00fcnde und Transitzonen&nbsp;erforscht werden: solche, die der Mensch betritt, die er hervorbringt, gestaltet&nbsp;oder &hellip;<\/p>\n","protected":false},"author":1,"featured_media":0,"parent":0,"menu_order":0,"comment_status":"closed","ping_status":"closed","template":"","meta":{"footnotes":""},"class_list":["post-970","page","type-page","status-publish","hentry"],"_links":{"self":[{"href":"https:\/\/canoff.de\/index.php?rest_route=\/wp\/v2\/pages\/970","targetHints":{"allow":["GET"]}}],"collection":[{"href":"https:\/\/canoff.de\/index.php?rest_route=\/wp\/v2\/pages"}],"about":[{"href":"https:\/\/canoff.de\/index.php?rest_route=\/wp\/v2\/types\/page"}],"author":[{"embeddable":true,"href":"https:\/\/canoff.de\/index.php?rest_route=\/wp\/v2\/users\/1"}],"replies":[{"embeddable":true,"href":"https:\/\/canoff.de\/index.php?rest_route=%2Fwp%2Fv2%2Fcomments&post=970"}],"version-history":[{"count":5,"href":"https:\/\/canoff.de\/index.php?rest_route=\/wp\/v2\/pages\/970\/revisions"}],"predecessor-version":[{"id":1440,"href":"https:\/\/canoff.de\/index.php?rest_route=\/wp\/v2\/pages\/970\/revisions\/1440"}],"wp:attachment":[{"href":"https:\/\/canoff.de\/index.php?rest_route=%2Fwp%2Fv2%2Fmedia&parent=970"}],"curies":[{"name":"wp","href":"https:\/\/api.w.org\/{rel}","templated":true}]}}