{"id":572,"date":"2024-04-15T12:17:25","date_gmt":"2024-04-15T10:17:25","guid":{"rendered":"https:\/\/canoff.de\/?page_id=572"},"modified":"2026-01-26T11:42:05","modified_gmt":"2026-01-26T10:42:05","slug":"mentions-legales","status":"publish","type":"page","link":"https:\/\/canoff.de\/?page_id=572&lang=fr","title":{"rendered":"Mentions l\u00e9gales"},"content":{"rendered":"\n<p><strong>Informations selon \u00a7 5 TMG<\/strong><\/p>\n\n\n\n<p>Universit\u00e9 de Br\u00eame<br>Bibliothekstra\u00dfe 1<br>28359 Br\u00eame<\/p>\n\n\n\n<p><strong>Repr\u00e9sent\u00e9e par :<\/strong><\/p>\n\n\n\n<p>L&#8217;Universit\u00e9 de Br\u00eame est une collectivit\u00e9 de droit public. Elle est repr\u00e9sent\u00e9e l\u00e9galement par la rectrice, Prof. Dr. Jutta G\u00fcnther.<br>L&#8217;autorit\u00e9 de surveillance comp\u00e9tente est la s\u00e9natrice pour la science et les ports, Katharinenstra\u00dfe 37, 28195 Br\u00eame.<\/p>\n\n\n\n<p><strong>Contact<\/strong><\/p>\n\n\n\n<p>T\u00e9l\u00e9phone : +49 (0) 421 218 68434<br>E-mail : canoff@uni-bremen.de<\/p>\n\n\n\n<p><strong>Responsable de la r\u00e9daction<\/strong><\/p>\n\n\n\n<p>Campus Nord pour la France &amp; la Francophonie<br>Porte-parole et responsable du site de l&#8217;Universit\u00e9 de Br\u00eame : Prof. Dr. Karen Struve<br>D\u00e9partement 10 : Romanistique<br>Universit\u00e4tsboulevard 13<br>28359 Br\u00eame<\/p>\n\n\n\n<p><strong>R\u00e8glement des litiges de consommation\/service universel de conciliation<\/strong><\/p>\n\n\n\n<p>Nous ne sommes pas pr\u00eats ou oblig\u00e9s de participer \u00e0 des proc\u00e9dures de r\u00e8glement des litiges devant un organisme de conciliation des consommateurs.<\/p>\n\n\n\n<p>Source :<\/p>\n\n\n\n<figure class=\"wp-block-embed\"><div class=\"wp-block-embed__wrapper\">\nhttps:\/\/www.e-recht24.de\n<\/div><\/figure>\n","protected":false},"excerpt":{"rendered":"<p>Informations selon \u00a7 5 TMG Universit\u00e9 de Br\u00eameBibliothekstra\u00dfe 128359 Br\u00eame Repr\u00e9sent\u00e9e par : L&#8217;Universit\u00e9 de Br\u00eame est une collectivit\u00e9 de droit public. Elle est repr\u00e9sent\u00e9e l\u00e9galement par la rectrice, Prof. Dr. Jutta G\u00fcnther.L&#8217;autorit\u00e9 de surveillance comp\u00e9tente est la s\u00e9natrice pour la science et les ports, Katharinenstra\u00dfe 37, 28195 Br\u00eame. Contact &hellip;<\/p>\n","protected":false},"author":1,"featured_media":0,"parent":0,"menu_order":0,"comment_status":"closed","ping_status":"closed","template":"","meta":{"footnotes":""},"class_list":["post-572","page","type-page","status-publish","hentry"],"_links":{"self":[{"href":"https:\/\/canoff.de\/index.php?rest_route=\/wp\/v2\/pages\/572","targetHints":{"allow":["GET"]}}],"collection":[{"href":"https:\/\/canoff.de\/index.php?rest_route=\/wp\/v2\/pages"}],"about":[{"href":"https:\/\/canoff.de\/index.php?rest_route=\/wp\/v2\/types\/page"}],"author":[{"embeddable":true,"href":"https:\/\/canoff.de\/index.php?rest_route=\/wp\/v2\/users\/1"}],"replies":[{"embeddable":true,"href":"https:\/\/canoff.de\/index.php?rest_route=%2Fwp%2Fv2%2Fcomments&post=572"}],"version-history":[{"count":3,"href":"https:\/\/canoff.de\/index.php?rest_route=\/wp\/v2\/pages\/572\/revisions"}],"predecessor-version":[{"id":1508,"href":"https:\/\/canoff.de\/index.php?rest_route=\/wp\/v2\/pages\/572\/revisions\/1508"}],"wp:attachment":[{"href":"https:\/\/canoff.de\/index.php?rest_route=%2Fwp%2Fv2%2Fmedia&parent=572"}],"curies":[{"name":"wp","href":"https:\/\/api.w.org\/{rel}","templated":true}]}}

Mentions légales

<p><strong>Informations selon § 5 TMG</strong></p>



<p>Université de Brême<br>Bibliothekstraße 1<br>28359 Brême</p>



<p><strong>Représentée par :</strong></p>



<p>L&#8217;Université de Brême est une collectivité de droit public. Elle est représentée légalement par la rectrice, Prof. Dr. Jutta Günther.<br>L&#8217;autorité de surveillance compétente est la sénatrice pour la science et les ports, Katharinenstraße 37, 28195 Brême.</p>



<p><strong>Contact</strong></p>



<p>Téléphone : +49 (0) 421 218 68434<br>E-mail : canoff@uni-bremen.de</p>



<p><strong>Responsable de la rédaction</strong></p>



<p>Campus Nord pour la France &amp; la Francophonie<br>Porte-parole et responsable du site de l&#8217;Université de Brême : Prof. Dr. Karen Struve<br>Département 10 : Romanistique<br>Universitätsboulevard 13<br>28359 Brême</p>



<p><strong>Règlement des litiges de consommation/service universel de conciliation</strong></p>



<p>Nous ne sommes pas prêts ou obligés de participer à des procédures de règlement des litiges devant un organisme de conciliation des consommateurs.</p>



<p>Source :</p>



<figure class="wp-block-embed"><div class="wp-block-embed__wrapper">
https://www.e-recht24.de
</div></figure>

<p>Informations selon § 5 TMG Université de BrêmeBibliothekstraße 128359 Brême Représentée par : L&#8217;Université de Brême est une collectivité de droit public. Elle est représentée légalement par la rectrice, Prof. Dr. Jutta Günther.L&#8217;autorité de surveillance compétente est la sénatrice pour la science et les ports, Katharinenstraße 37, 28195 Brême. Contact &hellip;</p>
