{"id":546,"date":"2024-02-06T15:38:53","date_gmt":"2024-02-06T14:38:53","guid":{"rendered":"https:\/\/canoff.de\/?page_id=546"},"modified":"2026-04-28T15:40:07","modified_gmt":"2026-04-28T13:40:07","slug":"boite-a-idees-2","status":"publish","type":"page","link":"https:\/\/canoff.de\/?page_id=546&lang=fr","title":{"rendered":"Appels d&#8217;offre"},"content":{"rendered":"\n<h2 class=\"wp-block-heading\">La bo\u00eete \u00e0 id\u00e9es<\/h2>\n\n\n\n<div class=\"wp-block-columns is-layout-flex wp-container-core-columns-is-layout-9d6595d7 wp-block-columns-is-layout-flex\">\n<div class=\"wp-block-column is-layout-flow wp-block-column-is-layout-flow\">\n<p>Nous recherchons et enseignons dans des universit\u00e9s d&#8217;Allemagne du Nord &#8211; en coop\u00e9ration avec des coll\u00e8gues en France et dans la francophonie. Nous posons des questions, cherchons des r\u00e9ponses, posons encore plus de questions.<\/p>\n\n\n\n<p>Mais qu&#8217;est-ce qui vous pr\u00e9occupe ? Que pensez-vous que le CaNoFF devrait explorer ?<\/p>\n\n\n\n<p>Faites-nous part de vos questions ouvertes, de vos id\u00e9es et de vos suggestions ! N&#8217;h\u00e9sitez pas \u00e0 <a href=\"mailto:canoff@uni-bremen.de\" target=\"_blank\" rel=\"noreferrer noopener\">nous \u00e9crire<\/a> !<\/p>\n<\/div>\n\n\n\n<div class=\"wp-block-column is-layout-flow wp-block-column-is-layout-flow\">\n<figure class=\"wp-block-image size-large is-resized\"><img loading=\"lazy\" decoding=\"async\" width=\"727\" height=\"1024\" src=\"https:\/\/canoff.de\/wp-content\/uploads\/2024\/01\/Postkarte-Boite-a-idees-verschoben-727x1024.jpg\" alt=\"\" class=\"wp-image-534\" style=\"width:236px;height:auto\" srcset=\"https:\/\/canoff.de\/wp-content\/uploads\/2024\/01\/Postkarte-Boite-a-idees-verschoben-727x1024.jpg 727w, https:\/\/canoff.de\/wp-content\/uploads\/2024\/01\/Postkarte-Boite-a-idees-verschoben-213x300.jpg 213w, https:\/\/canoff.de\/wp-content\/uploads\/2024\/01\/Postkarte-Boite-a-idees-verschoben-768x1082.jpg 768w, https:\/\/canoff.de\/wp-content\/uploads\/2024\/01\/Postkarte-Boite-a-idees-verschoben-1090x1536.jpg 1090w, https:\/\/canoff.de\/wp-content\/uploads\/2024\/01\/Postkarte-Boite-a-idees-verschoben-142x200.jpg 142w, https:\/\/canoff.de\/wp-content\/uploads\/2024\/01\/Postkarte-Boite-a-idees-verschoben.jpg 1241w\" sizes=\"auto, (max-width: 727px) 100vw, 727px\" \/><\/figure>\n<\/div>\n<\/div>\n\n\n\n<h2 class=\"wp-block-heading\">Opportunit\u00e9s de financement<\/h2>\n\n\n\n<p>Si vous avez des informations sur des opportunit\u00e9s de financement, n&#8217;h\u00e9sitez pas \u00e0 nous en faire part !<\/p>\n\n\n\n<h2 class=\"wp-block-heading\">Projets pour \u00e9tudiant\u00b7e\u00b7s<\/h2>\n\n\n\n<p>Si vous avez des informations sur des projets destin\u00e9s aux \u00e9tudiants, n&#8217;h\u00e9sitez pas \u00e0 nous en faire part !<\/p>\n\n\n\n<h2 class=\"wp-block-heading\">Offres d&#8217;emploi \/ Stages<\/h2>\n\n\n\n<p>Si vous avez des informations sur des postes et\/ou des stages, n&#8217;h\u00e9sitez pas \u00e0 nous en faire part !<\/p>\n\n\n\n<h2 class=\"wp-block-heading\">Divers<\/h2>\n\n\n\n<p><strong>Utopie Europa<\/strong><br>\u00ab Utopie Europe \u00bb en est \u00e0 sa septi\u00e8me \u00e9dition ! <strong>Le Bureau des universit\u00e9s de l\u2019Ambassade de France\/Institut fran\u00e7ais d\u2019Allemagne (IFD)<\/strong> \u00e0 Berlin et <strong>l\u2019Universit\u00e9 franco-allemande (UFA)<\/strong> recherchent <a href=\"https:\/\/utopieeuropa.institutfrancais.de\/wp-content\/uploads\/2026\/03\/Presentation-Utopie-Europa-Preis-2026.pdf\" target=\"_blank\" rel=\"noreferrer noopener\">les meilleurs projets et id\u00e9es qui permettent de faire vivre l\u2019Europe au sein des universit\u00e9s<\/a> et qui pourraient m\u00eame inspirer d\u2019autres initiatives : Des actions sur les r\u00e9seaux sociaux aux (courts) m\u00e9trages et podcasts, entre autres, qui montrent et favorisent la coop\u00e9ration europ\u00e9enne dans les \u00e9tablissements d\u2019enseignement sup\u00e9rieur et s\u2019engagent pour le renforcement d\u2019une soci\u00e9t\u00e9 d\u00e9mocratique \u2014 il se passe tant de choses dans les \u00e9tablissements d\u2019enseignement sup\u00e9rieur !<\/p>\n\n\n\n<p><em>D\u00e9roulement du concours :<\/em><br>Les \u00e9tudiants soumettent, en \u00e9quipe et sous la forme de leur choix, une contribution pr\u00e9sentant un projet de leur \u00e9tablissement universitaire qui s&#8217;engage en faveur de la d\u00e9mocratie et de l&#8217;Europe. Les formats soumis seront pr\u00e9sent\u00e9s \u00e0 un jury qui d\u00e9signera les trois \u00e9quipes laur\u00e9ates du \u00ab Prix Utopie Europe 2026 \u00bb.<\/p>\n\n\n\n<p><em>Les trois meilleurs projets recevront une bourse pouvant aller jusqu\u2019\u00e0 1 000 \u20ac !<\/em><br>Date limite de candidature : 15 juin 2026, \u00e0 l\u2019adresse e-mail suivante : <a href=\"mailto:nicole.martinez@institutfrancais.de\">nicole.martinez@institutfrancais.de<\/a>.<\/p>\n\n\n\n<p><a href=\"https:\/\/utopieeuropa.institutfrancais.de\/wp-content\/uploads\/2026\/03\/Presentation-Utopie-Europa-Preis-2026.pdf\" target=\"_blank\" rel=\"noreferrer noopener\">Vous trouverez plus d\u2019informations ici<\/a><\/p>\n\n\n\n<p><strong>Universit\u00e9 d&#8217;\u00e9t\u00e9 fran\u00e7aise 2026 \u00e0 Fribourg : <em>Fran\u00e7ais.es et Allemand.es \u2013 une riche histoire de \u00ab Je t\u2019aime\u2026 moi non plus\u2026 \u00bb<\/em><\/strong><br>Un lapsus du Premier ministre fran\u00e7ais Ayrault \u2013 qui, en 2012 \u00e0 Berlin, a parl\u00e9 d\u2019\u00e9changes \u00ab furchtbar \u00bb (terrible) au lieu de \u00ab fruchtbar \u00bb (f\u00e9cond) \u2013 symbolise bien les relations franco-allemandes, si changeantes. Entre admiration et amusement, amiti\u00e9 et rivalit\u00e9, asym\u00e9trie touristique et sens unique culinaire : l\u2019universit\u00e9 d\u2019\u00e9t\u00e9 fran\u00e7aise du Centre fran\u00e7ais se consacre cette ann\u00e9e pr\u00e9cis\u00e9ment \u00e0 ces hauts et ces bas \u2013 en politique, litt\u00e9rature, cin\u00e9ma, musique, sport, gastronomie et dans la vie quotidienne interculturelle.<\/p>\n\n\n\n<ul class=\"wp-block-list\">\n<li>Dur\u00e9e : du 31 ao\u00fbt au 4 septembre 2026<\/li>\n\n\n\n<li>Date limite d&#8217;inscription : 1er juillet 2026<\/li>\n\n\n\n<li>Langue d&#8217;enseignement : le fran\u00e7ais<\/li>\n\n\n\n<li>Conditions requises : au moins de bonnes connaissances en fran\u00e7ais (ce qui correspond, pour les cours pour adultes, au niveau B1 du Cadre europ\u00e9en commun de r\u00e9f\u00e9rence pour les langues et, pour les cours destin\u00e9s aux \u00e9l\u00e8ves, \u00e0 un niveau satisfaisant en 11e classe). Le classement se fait sur la base d\u2019une auto-\u00e9valuation des participants.<\/li>\n<\/ul>\n\n\n\n<p>Plus d\u2019informations : <a href=\"https:\/\/www.fz.uni-freiburg.de\/de\/veranstaltungen\/sommeruni\">https:\/\/www.fz.uni-freiburg.de\/de\/veranstaltungen\/sommeruni<\/a><\/p>\n","protected":false},"excerpt":{"rendered":"<p>La bo\u00eete \u00e0 id\u00e9es Nous recherchons et enseignons dans des universit\u00e9s d&#8217;Allemagne du Nord &#8211; en coop\u00e9ration avec des coll\u00e8gues en France et dans la francophonie. Nous posons des questions, cherchons des r\u00e9ponses, posons encore plus de questions. Mais qu&#8217;est-ce qui vous pr\u00e9occupe ? Que pensez-vous que le CaNoFF devrait &hellip;<\/p>\n","protected":false},"author":1,"featured_media":0,"parent":0,"menu_order":0,"comment_status":"closed","ping_status":"closed","template":"","meta":{"footnotes":""},"class_list":["post-546","page","type-page","status-publish","hentry"],"_links":{"self":[{"href":"https:\/\/canoff.de\/index.php?rest_route=\/wp\/v2\/pages\/546","targetHints":{"allow":["GET"]}}],"collection":[{"href":"https:\/\/canoff.de\/index.php?rest_route=\/wp\/v2\/pages"}],"about":[{"href":"https:\/\/canoff.de\/index.php?rest_route=\/wp\/v2\/types\/page"}],"author":[{"embeddable":true,"href":"https:\/\/canoff.de\/index.php?rest_route=\/wp\/v2\/users\/1"}],"replies":[{"embeddable":true,"href":"https:\/\/canoff.de\/index.php?rest_route=%2Fwp%2Fv2%2Fcomments&post=546"}],"version-history":[{"count":9,"href":"https:\/\/canoff.de\/index.php?rest_route=\/wp\/v2\/pages\/546\/revisions"}],"predecessor-version":[{"id":1765,"href":"https:\/\/canoff.de\/index.php?rest_route=\/wp\/v2\/pages\/546\/revisions\/1765"}],"wp:attachment":[{"href":"https:\/\/canoff.de\/index.php?rest_route=%2Fwp%2Fv2%2Fmedia&parent=546"}],"curies":[{"name":"wp","href":"https:\/\/api.w.org\/{rel}","templated":true}]}}

<h2 class="wp-block-heading">La boîte à idées</h2>



<div class="wp-block-columns is-layout-flex wp-container-core-columns-is-layout-9d6595d7 wp-block-columns-is-layout-flex">
<div class="wp-block-column is-layout-flow wp-block-column-is-layout-flow">
<p>Nous recherchons et enseignons dans des universités d&#8217;Allemagne du Nord &#8211; en coopération avec des collègues en France et dans la francophonie. Nous posons des questions, cherchons des réponses, posons encore plus de questions.</p>



<p>Mais qu&#8217;est-ce qui vous préoccupe ? Que pensez-vous que le CaNoFF devrait explorer ?</p>



<p>Faites-nous part de vos questions ouvertes, de vos idées et de vos suggestions ! N&#8217;hésitez pas à <a href="mailto:canoff@uni-bremen.de" target="_blank" rel="noreferrer noopener">nous écrire</a> !</p>
</div>



<div class="wp-block-column is-layout-flow wp-block-column-is-layout-flow">
<figure class="wp-block-image size-large is-resized"><img loading="lazy" decoding="async" width="727" height="1024" src="https://canoff.de/wp-content/uploads/2024/01/Postkarte-Boite-a-idees-verschoben-727x1024.jpg" alt="" class="wp-image-534" style="width:236px;height:auto" srcset="https://canoff.de/wp-content/uploads/2024/01/Postkarte-Boite-a-idees-verschoben-727x1024.jpg 727w, https://canoff.de/wp-content/uploads/2024/01/Postkarte-Boite-a-idees-verschoben-213x300.jpg 213w, https://canoff.de/wp-content/uploads/2024/01/Postkarte-Boite-a-idees-verschoben-768x1082.jpg 768w, https://canoff.de/wp-content/uploads/2024/01/Postkarte-Boite-a-idees-verschoben-1090x1536.jpg 1090w, https://canoff.de/wp-content/uploads/2024/01/Postkarte-Boite-a-idees-verschoben-142x200.jpg 142w, https://canoff.de/wp-content/uploads/2024/01/Postkarte-Boite-a-idees-verschoben.jpg 1241w" sizes="auto, (max-width: 727px) 100vw, 727px" /></figure>
</div>
</div>



<h2 class="wp-block-heading">Opportunités de financement</h2>



<p>Si vous avez des informations sur des opportunités de financement, n&#8217;hésitez pas à nous en faire part !</p>



<h2 class="wp-block-heading">Projets pour étudiant·e·s</h2>



<p>Si vous avez des informations sur des projets destinés aux étudiants, n&#8217;hésitez pas à nous en faire part !</p>



<h2 class="wp-block-heading">Offres d&#8217;emploi / Stages</h2>



<p>Si vous avez des informations sur des postes et/ou des stages, n&#8217;hésitez pas à nous en faire part !</p>



<h2 class="wp-block-heading">Divers</h2>



<p><strong>Utopie Europa</strong><br>« Utopie Europe » en est à sa septième édition ! <strong>Le Bureau des universités de l’Ambassade de France/Institut français d’Allemagne (IFD)</strong> à Berlin et <strong>l’Université franco-allemande (UFA)</strong> recherchent <a href="https://utopieeuropa.institutfrancais.de/wp-content/uploads/2026/03/Presentation-Utopie-Europa-Preis-2026.pdf" target="_blank" rel="noreferrer noopener">les meilleurs projets et idées qui permettent de faire vivre l’Europe au sein des universités</a> et qui pourraient même inspirer d’autres initiatives : Des actions sur les réseaux sociaux aux (courts) métrages et podcasts, entre autres, qui montrent et favorisent la coopération européenne dans les établissements d’enseignement supérieur et s’engagent pour le renforcement d’une société démocratique — il se passe tant de choses dans les établissements d’enseignement supérieur !</p>



<p><em>Déroulement du concours :</em><br>Les étudiants soumettent, en équipe et sous la forme de leur choix, une contribution présentant un projet de leur établissement universitaire qui s&#8217;engage en faveur de la démocratie et de l&#8217;Europe. Les formats soumis seront présentés à un jury qui désignera les trois équipes lauréates du « Prix Utopie Europe 2026 ».</p>



<p><em>Les trois meilleurs projets recevront une bourse pouvant aller jusqu’à 1 000 € !</em><br>Date limite de candidature : 15 juin 2026, à l’adresse e-mail suivante : <a href="mailto:nicole.martinez@institutfrancais.de">nicole.martinez@institutfrancais.de</a>.</p>



<p><a href="https://utopieeuropa.institutfrancais.de/wp-content/uploads/2026/03/Presentation-Utopie-Europa-Preis-2026.pdf" target="_blank" rel="noreferrer noopener">Vous trouverez plus d’informations ici</a></p>



<p><strong>Université d&#8217;été française 2026 à Fribourg : <em>Français.es et Allemand.es – une riche histoire de « Je t’aime… moi non plus… »</em></strong><br>Un lapsus du Premier ministre français Ayrault – qui, en 2012 à Berlin, a parlé d’échanges « furchtbar » (terrible) au lieu de « fruchtbar » (fécond) – symbolise bien les relations franco-allemandes, si changeantes. Entre admiration et amusement, amitié et rivalité, asymétrie touristique et sens unique culinaire : l’université d’été française du Centre français se consacre cette année précisément à ces hauts et ces bas – en politique, littérature, cinéma, musique, sport, gastronomie et dans la vie quotidienne interculturelle.</p>



<ul class="wp-block-list">
<li>Durée : du 31 août au 4 septembre 2026</li>



<li>Date limite d&#8217;inscription : 1er juillet 2026</li>



<li>Langue d&#8217;enseignement : le français</li>



<li>Conditions requises : au moins de bonnes connaissances en français (ce qui correspond, pour les cours pour adultes, au niveau B1 du Cadre européen commun de référence pour les langues et, pour les cours destinés aux élèves, à un niveau satisfaisant en 11e classe). Le classement se fait sur la base d’une auto-évaluation des participants.</li>
</ul>



<p>Plus d’informations : <a href="https://www.fz.uni-freiburg.de/de/veranstaltungen/sommeruni">https://www.fz.uni-freiburg.de/de/veranstaltungen/sommeruni</a></p>

<p>La boîte à idées Nous recherchons et enseignons dans des universités d&#8217;Allemagne du Nord &#8211; en coopération avec des collègues en France et dans la francophonie. Nous posons des questions, cherchons des réponses, posons encore plus de questions. Mais qu&#8217;est-ce qui vous préoccupe ? Que pensez-vous que le CaNoFF devrait &hellip;</p>
