{"id":362,"date":"2023-10-19T11:29:39","date_gmt":"2023-10-19T09:29:39","guid":{"rendered":"https:\/\/canoff.de\/?page_id=362"},"modified":"2026-01-26T11:38:43","modified_gmt":"2026-01-26T10:38:43","slug":"mitgliedschaft","status":"publish","type":"page","link":"https:\/\/canoff.de\/?page_id=362","title":{"rendered":"Mitgliedschaft"},"content":{"rendered":"\n<p>Interessieren Sie sich f\u00fcr  CaNoFF, m\u00f6chten Sie unsere Arbeit unterst\u00fctzen oder sich engagieren?<\/p>\n\n\n\n<p><strong>Dann werden Sie doch Mitglied im&nbsp;CaNoFF:<\/strong><\/p>\n\n\n\n<p>\u00dcber eine (kostenlose) Mitgliedschaft k\u00f6nnen Sie CaNoFF unterst\u00fctzen. Sie erhalten zweimal im Jahr unseren Newsletter, haben privilegierten Zugang zu unseren Veranstaltungen und k\u00f6nnen \u00fcber die Teilnahme an der j\u00e4hrlich stattfindenden Mitgliederversammlung&nbsp;die Ausrichtung des CaNoFF mitgestalten.<\/p>\n\n\n\n<h2 class=\"wp-block-heading\"><strong>Formen der Mitgliedschaft:<\/strong><\/h2>\n\n\n\n<ol class=\"wp-block-list\">\n<li><strong>Sie geh\u00f6ren einer Universit\u00e4t oder Hochschule an? <\/strong><br>Ordentliche Mitglieder k\u00f6nnen Hochschulangeh\u00f6rige werden, die an deutschen Universit\u00e4ten oder Hochschulen frankreich- und frankophoniebezogen t\u00e4tig sind oder organisatorische Struktureinheiten wie Institute, Seminare oder F\u00e4cher. <strong>Den Mitgliedsantrag finden Sie <a href=\"https:\/\/canoff.de\/wp-content\/uploads\/2023\/12\/Mitgliedsantrag_Hochschulen.pdf\" data-type=\"attachment\" data-id=\"459\" target=\"_blank\" rel=\"noreferrer noopener\">hier<\/a>.<\/strong><\/li>\n\n\n\n<li><strong>Sie sind eine frankophile Privatperson oder Initiative? <\/strong><br>Assoziierte Mitglieder k\u00f6nnen interessierte Privatpersonen sowie Initiativen und Einrichtungen werden, die au\u00dferuniversit\u00e4r im Bereich des deutsch-franz\u00f6sischen\/frankophonen Austauschs, der Forschung oder F\u00f6rderung in den jeweiligen Stadtgesellschaften aktiv sind. <strong>Den Mitgliedsantrag finden Sie <a href=\"https:\/\/canoff.de\/wp-content\/uploads\/2023\/10\/CaNoFF_Mitgliedsantrag_Assoziierte-Mitglieder.pdf\" target=\"_blank\" rel=\"noreferrer noopener\">hier<\/a>.<\/strong><\/li>\n<\/ol>\n\n\n\n<h2 class=\"wp-block-heading\"><strong>Datenschutz<\/strong>:<\/h2>\n\n\n\n<p>Alle Informationen rund um den Datenschutz finden Sie <a href=\"https:\/\/canoff.de\/wp-content\/uploads\/2026\/01\/CaNoFF_Datenschutzerklaerung.pdf\" data-type=\"attachment\" data-id=\"1500\" target=\"_blank\" rel=\"noreferrer noopener\">hier<\/a>.<\/p>\n\n\n\n<p><\/p>\n","protected":false},"excerpt":{"rendered":"<p>Interessieren Sie sich f\u00fcr CaNoFF, m\u00f6chten Sie unsere Arbeit unterst\u00fctzen oder sich engagieren? Dann werden Sie doch Mitglied im&nbsp;CaNoFF: \u00dcber eine (kostenlose) Mitgliedschaft k\u00f6nnen Sie CaNoFF unterst\u00fctzen. Sie erhalten zweimal im Jahr unseren Newsletter, haben privilegierten Zugang zu unseren Veranstaltungen und k\u00f6nnen \u00fcber die Teilnahme an der j\u00e4hrlich stattfindenden Mitgliederversammlung&nbsp;die &hellip;<\/p>\n","protected":false},"author":1,"featured_media":0,"parent":0,"menu_order":0,"comment_status":"closed","ping_status":"closed","template":"","meta":{"footnotes":""},"class_list":["post-362","page","type-page","status-publish","hentry"],"_links":{"self":[{"href":"https:\/\/canoff.de\/index.php?rest_route=\/wp\/v2\/pages\/362","targetHints":{"allow":["GET"]}}],"collection":[{"href":"https:\/\/canoff.de\/index.php?rest_route=\/wp\/v2\/pages"}],"about":[{"href":"https:\/\/canoff.de\/index.php?rest_route=\/wp\/v2\/types\/page"}],"author":[{"embeddable":true,"href":"https:\/\/canoff.de\/index.php?rest_route=\/wp\/v2\/users\/1"}],"replies":[{"embeddable":true,"href":"https:\/\/canoff.de\/index.php?rest_route=%2Fwp%2Fv2%2Fcomments&post=362"}],"version-history":[{"count":16,"href":"https:\/\/canoff.de\/index.php?rest_route=\/wp\/v2\/pages\/362\/revisions"}],"predecessor-version":[{"id":1503,"href":"https:\/\/canoff.de\/index.php?rest_route=\/wp\/v2\/pages\/362\/revisions\/1503"}],"wp:attachment":[{"href":"https:\/\/canoff.de\/index.php?rest_route=%2Fwp%2Fv2%2Fmedia&parent=362"}],"curies":[{"name":"wp","href":"https:\/\/api.w.org\/{rel}","templated":true}]}}