{"id":105,"date":"2023-05-31T16:09:56","date_gmt":"2023-05-31T14:09:56","guid":{"rendered":"https:\/\/canoff.de\/?page_id=105"},"modified":"2026-01-26T11:40:45","modified_gmt":"2026-01-26T10:40:45","slug":"impressum","status":"publish","type":"page","link":"https:\/\/canoff.de\/?page_id=105","title":{"rendered":"Impressum"},"content":{"rendered":"\n<p><strong>Angaben gem\u00e4\u00df \u00a7 5 TMG<\/strong><\/p>\n\n\n\n<p>Universit\u00e4t Bremen<br>Bibliothekstra\u00dfe 1<br>28359 Bremen<\/p>\n\n\n\n<p><strong>Vertreten durch:<\/strong><\/p>\n\n\n\n<p>Die Universit\u00e4t Bremen ist eine K\u00f6rperschaft des \u00d6ffentlichen Rechts. Sie wird durch die Rektorin Prof. Dr. Jutta G\u00fcnther gesetzlich vertreten.<br>Zust\u00e4ndige Aufsichtsbeh\u00f6rde ist die Senatorin f\u00fcr Wissenschaft und H\u00e4fen, Katharinenstra\u00dfe 37, 28195 Bremen.<\/p>\n\n\n\n<p><strong>Kontakt<\/strong><\/p>\n\n\n\n<p>Telefon: +49 (0) 421 218 68434 <br>E-Mail: canoff@uni-bremen.de<\/p>\n\n\n\n<p><strong>Redaktionell verantwortlich<\/strong><\/p>\n\n\n\n<p>Campus Nord f\u00fcr Frankreich &amp; Frankophonie<br>Sprecherin und Leiterin Standort Universit\u00e4t Bremen: Prof. Dr. Karen Struve<br>Fachbereich 10: Romanistik<br>Universit\u00e4tsboulevard 13<br>28359 Bremen<\/p>\n\n\n\n<p><strong>Verbraucherstreitbeilegung\/Universalschlichtungsstelle<\/strong><\/p>\n\n\n\n<p>Wir sind nicht bereit oder verpflichtet, an Streitbeilegungsverfahren vor einer Verbraucherschlichtungsstelle teilzunehmen.<\/p>\n\n\n\n<p>Quelle:<\/p>\n\n\n\n<figure class=\"wp-block-embed\"><div class=\"wp-block-embed__wrapper\">\nhttps:\/\/www.e-recht24.de\n<\/div><\/figure>\n","protected":false},"excerpt":{"rendered":"<p>Angaben gem\u00e4\u00df \u00a7 5 TMG Universit\u00e4t BremenBibliothekstra\u00dfe 128359 Bremen Vertreten durch: Die Universit\u00e4t Bremen ist eine K\u00f6rperschaft des \u00d6ffentlichen Rechts. Sie wird durch die Rektorin Prof. Dr. Jutta G\u00fcnther gesetzlich vertreten.Zust\u00e4ndige Aufsichtsbeh\u00f6rde ist die Senatorin f\u00fcr Wissenschaft und H\u00e4fen, Katharinenstra\u00dfe 37, 28195 Bremen. Kontakt Telefon: +49 (0) 421 218 68434 &hellip;<\/p>\n","protected":false},"author":1,"featured_media":0,"parent":0,"menu_order":0,"comment_status":"closed","ping_status":"closed","template":"","meta":{"footnotes":""},"class_list":["post-105","page","type-page","status-publish","hentry"],"_links":{"self":[{"href":"https:\/\/canoff.de\/index.php?rest_route=\/wp\/v2\/pages\/105","targetHints":{"allow":["GET"]}}],"collection":[{"href":"https:\/\/canoff.de\/index.php?rest_route=\/wp\/v2\/pages"}],"about":[{"href":"https:\/\/canoff.de\/index.php?rest_route=\/wp\/v2\/types\/page"}],"author":[{"embeddable":true,"href":"https:\/\/canoff.de\/index.php?rest_route=\/wp\/v2\/users\/1"}],"replies":[{"embeddable":true,"href":"https:\/\/canoff.de\/index.php?rest_route=%2Fwp%2Fv2%2Fcomments&post=105"}],"version-history":[{"count":4,"href":"https:\/\/canoff.de\/index.php?rest_route=\/wp\/v2\/pages\/105\/revisions"}],"predecessor-version":[{"id":1506,"href":"https:\/\/canoff.de\/index.php?rest_route=\/wp\/v2\/pages\/105\/revisions\/1506"}],"wp:attachment":[{"href":"https:\/\/canoff.de\/index.php?rest_route=%2Fwp%2Fv2%2Fmedia&parent=105"}],"curies":[{"name":"wp","href":"https:\/\/api.w.org\/{rel}","templated":true}]}}

<p><strong>Angaben gemäß § 5 TMG</strong></p>



<p>Universität Bremen<br>Bibliothekstraße 1<br>28359 Bremen</p>



<p><strong>Vertreten durch:</strong></p>



<p>Die Universität Bremen ist eine Körperschaft des Öffentlichen Rechts. Sie wird durch die Rektorin Prof. Dr. Jutta Günther gesetzlich vertreten.<br>Zuständige Aufsichtsbehörde ist die Senatorin für Wissenschaft und Häfen, Katharinenstraße 37, 28195 Bremen.</p>



<p><strong>Kontakt</strong></p>



<p>Telefon: +49 (0) 421 218 68434 <br>E-Mail: canoff@uni-bremen.de</p>



<p><strong>Redaktionell verantwortlich</strong></p>



<p>Campus Nord für Frankreich &amp; Frankophonie<br>Sprecherin und Leiterin Standort Universität Bremen: Prof. Dr. Karen Struve<br>Fachbereich 10: Romanistik<br>Universitätsboulevard 13<br>28359 Bremen</p>



<p><strong>Verbraucherstreitbeilegung/Universalschlichtungsstelle</strong></p>



<p>Wir sind nicht bereit oder verpflichtet, an Streitbeilegungsverfahren vor einer Verbraucherschlichtungsstelle teilzunehmen.</p>



<p>Quelle:</p>



<figure class="wp-block-embed"><div class="wp-block-embed__wrapper">
https://www.e-recht24.de
</div></figure>

<p>Angaben gemäß § 5 TMG Universität BremenBibliothekstraße 128359 Bremen Vertreten durch: Die Universität Bremen ist eine Körperschaft des Öffentlichen Rechts. Sie wird durch die Rektorin Prof. Dr. Jutta Günther gesetzlich vertreten.Zuständige Aufsichtsbehörde ist die Senatorin für Wissenschaft und Häfen, Katharinenstraße 37, 28195 Bremen. Kontakt Telefon: +49 (0) 421 218 68434 &hellip;</p>
